000
CDUS42 KMFL 230828
CLIPBI


CLIMATE REPORT
NATIONAL WEATHER SERVICE MIAMI, FL
428 AM EDT WED MAY 23 2018


...................................

...THE WEST PALM BEACH CLIMATE SUMMARY FOR MAY 22 2018...

CLIMATE NORMAL PERIOD 1981 TO 2010
CLIMATE RECORD PERIOD 1888 TO 2018


WEATHER ITEM   OBSERVED TIME   RECORD YEAR NORMAL DEPARTURE LAST
                VALUE   (LST)  VALUE       VALUE  FROM      YEAR
                                                  NORMAL
..................................................................
TEMPERATURE (F)
 YESTERDAY
  MAXIMUM         80    302 PM  95    1962  87     -7       87
                                      1961
  MINIMUM         71    358 AM  56    1919  72     -1       71
  AVERAGE         76                        79     -3       79

PRECIPITATION (IN)
  YESTERDAY        0.32          5.49 2003   0.18   0.14     0.00
  MONTH TO DATE    7.82                      2.62   5.20     1.43
  SINCE NOV 1     23.97                     24.95  -0.98    14.70
  SINCE JAN 1     20.53                     16.82   3.71    10.23

SNOWFALL (IN)
  YESTERDAY        0.0
  MONTH TO DATE    0.0
  SINCE MAR 1      0.0
  SINCE JUL 1      0.0
  SNOW DEPTH       0

DEGREE DAYS
 HEATING
  YESTERDAY        0                         0      0        0
  MONTH TO DATE    0                         0      0        0
  SINCE MAR 1     39                        28     11       16
  SINCE JUL 1    179                       233    -54       68

 COOLING
  YESTERDAY       11                        14     -3       14
  MONTH TO DATE  269                       278     -9      298
  SINCE MAR 1    697                       738    -41      831
  SINCE JAN 1   1103                       973    130     1171
..................................................................


WIND (MPH)
  HIGHEST WIND SPEED    25   HIGHEST WIND DIRECTION     S (160)
  HIGHEST GUST SPEED    32   HIGHEST GUST DIRECTION    SE (130)
  AVERAGE WIND SPEED    13.5


SKY COVER
  AVERAGE SKY COVER 0.7


WEATHER CONDITIONS
 THE FOLLOWING WEATHER WAS RECORDED YESTERDAY.
  HEAVY RAIN
  LIGHT RAIN
  FOG


RELATIVE HUMIDITY (PERCENT)
 HIGHEST    94
 LOWEST     74
 AVERAGE    84

..........................................................


THE WEST PALM BEACH CLIMATE NORMALS FOR TODAY
                         NORMAL    RECORD    YEAR
 MAXIMUM TEMPERATURE (F)   87        93      1961
                                             1951
 MINIMUM TEMPERATURE (F)   72        56      1919


SUNRISE AND SUNSET
MAY 23 2018...........SUNRISE   630 AM EDT   SUNSET   805 PM EDT
MAY 24 2018...........SUNRISE   629 AM EDT   SUNSET   806 PM EDT


-  INDICATES NEGATIVE NUMBERS.
R  INDICATES RECORD WAS SET OR TIED.
MM INDICATES DATA IS MISSING.
T  INDICATES TRACE AMOUNT.




$$
