000
CDUS41 KPHI 202130
CLIPHL


CLIMATE REPORT
NATIONAL WEATHER SERVICE MOUNT HOLLY NJ
530 PM EDT SUN MAY 20 2018


...................................

...THE PHILADELPHIA PA CLIMATE SUMMARY FOR MAY 20 2018...
VALID TODAY AS OF 0500 PM LOCAL TIME.

CLIMATE NORMAL PERIOD 1981 TO 2010
CLIMATE RECORD PERIOD 1872 TO 2018


WEATHER ITEM   OBSERVED TIME   RECORD YEAR NORMAL DEPARTURE LAST
                VALUE   (LST)  VALUE       VALUE  FROM      YEAR
                                                  NORMAL
..................................................................
TEMPERATURE (F)
 TODAY
  MAXIMUM         84    327 PM  94    1996  75      9       76
                                      1962
  MINIMUM         69    311 AM  43    2002  55     14       52
  AVERAGE         77                        65     12       64

PRECIPITATION (IN)
  TODAY            0.01          1.64 1969   0.13  -0.12      T
  MONTH TO DATE    3.91                      2.33   1.58     3.29
  SINCE MAR 1     12.59                      9.68   2.91    10.70
  SINCE JAN 1     21.46                     15.36   6.10    14.91

SNOWFALL (IN)
  TODAY            0.0           0.0    MM   0.0    0.0      0.0
  MONTH TO DATE    0.0                       0.0    0.0      0.0
  SINCE MAR 1     15.2                       3.4   11.8      7.0
  SINCE JUL 1     29.8                      22.4    7.4     15.0
  SNOW DEPTH       0

DEGREE DAYS
 HEATING
  TODAY            0                         3     -3        1
  MONTH TO DATE   35                        90    -55      101
  SINCE MAR 1   1235                      1098    137     1004
  SINCE JUL 1   4395                      4580   -185     3830

 COOLING
  TODAY           12                         3      9        0
  MONTH TO DATE   61                        34     27       58
  SINCE MAR 1     69                        47     22       98
  SINCE JAN 1     69                        47     22       98
..................................................................


WIND (MPH)
  HIGHEST WIND SPEED    24   HIGHEST WIND DIRECTION    NW (310)
  HIGHEST GUST SPEED    28   HIGHEST GUST DIRECTION    NW (320)
  AVERAGE WIND SPEED    13.7


SKY COVER
  POSSIBLE SUNSHINE  MM
  AVERAGE SKY COVER 0.9


WEATHER CONDITIONS
 THE FOLLOWING WEATHER WAS RECORDED TODAY.
  LIGHT RAIN


RELATIVE HUMIDITY (PERCENT)
 HIGHEST    97           100 AM
 LOWEST     51           400 PM
 AVERAGE    74

..........................................................


THE PHILADELPHIA PA CLIMATE NORMALS FOR TOMORROW
                         NORMAL    RECORD    YEAR
 MAXIMUM TEMPERATURE (F)   75        95      1934
 MINIMUM TEMPERATURE (F)   56        41      2002


SUNRISE AND SUNSET
MAY 20 2018...........SUNRISE   542 AM EDT   SUNSET   814 PM EDT
MAY 21 2018...........SUNRISE   541 AM EDT   SUNSET   815 PM EDT


-  INDICATES NEGATIVE NUMBERS.
R  INDICATES RECORD WAS SET OR TIED.
MM INDICATES DATA IS MISSING.
T  INDICATES TRACE AMOUNT.




$$
