451
CDUS43 KUNR 270832
CLIPHP


CLIMATE REPORT
NATIONAL WEATHER SERVICE RAPID CITY SD
232 AM MDT SUN MAY 27 2018


...................................

...THE PHILIP SD CLIMATE SUMMARY FOR MAY 26 2018...

CLIMATE NORMAL PERIOD 1981 TO 2010
CLIMATE RECORD PERIOD 9999 TO 9999


WEATHER ITEM   OBSERVED TIME   NORMAL DEPARTURE LAST
                VALUE   (LST)  VALUE  FROM      YEAR
                                      NORMAL
......................................................
TEMPERATURE (F)
 YESTERDAY
  MAXIMUM         92    150 PM  73     19       74
  MINIMUM         56    436 AM  48      8       42
  AVERAGE         74            60     14       58

PRECIPITATION (IN)
  YESTERDAY        0.00          0.09  -0.09     0.02
  MONTH TO DATE    2.03          2.54  -0.51     1.05
  SINCE MAR 1      5.01          5.65  -0.64     3.61
  SINCE JAN 1      6.44          6.43   0.01     4.68

DEGREE DAYS
 HEATING
  YESTERDAY        0             5     -5        7
  MONTH TO DATE  154           243    -89      230
  SINCE MAR 1   1933          1745    188     1562
  SINCE JUL 1   7473          7110    363     6622

 COOLING
  YESTERDAY        9             1      8        0
  MONTH TO DATE   40            21     19       13
  SINCE MAR 1     40            24     16       13
  SINCE JAN 1     40            24     16       13
......................................................


WIND (MPH)
  HIGHEST WIND SPEED    18   HIGHEST WIND DIRECTION    SE (130)
  HIGHEST GUST SPEED    23   HIGHEST GUST DIRECTION    SE (130)
  AVERAGE WIND SPEED     8.8


SKY COVER
  AVERAGE SKY COVER 0.0


WEATHER CONDITIONS
 THE FOLLOWING WEATHER WAS RECORDED YESTERDAY.
  NO SIGNIFICANT WEATHER WAS OBSERVED.


RELATIVE HUMIDITY (PERCENT)
 HIGHEST   100           400 AM
 LOWEST     32           100 PM
 AVERAGE    66

..........................................................




SUNRISE AND SUNSET
MAY 27 2018...........SUNRISE   509 AM MDT   SUNSET   818 PM MDT
MAY 28 2018...........SUNRISE   509 AM MDT   SUNSET   819 PM MDT


-  INDICATES NEGATIVE NUMBERS.
R  INDICATES RECORD WAS SET OR TIED.
MM INDICATES DATA IS MISSING.
T  INDICATES TRACE AMOUNT.




$$
