000
CDUS44 KMOB 250645
CLIPNS


CLIMATE REPORT
NATIONAL WEATHER SERVICE MOBILE AL
145 AM CDT FRI MAY 25 2018


...................................

...THE PENSACOLA CLIMATE SUMMARY FOR MAY 24 2018...

CLIMATE NORMAL PERIOD 1981 TO 2010
CLIMATE RECORD PERIOD 1879 TO 2018


WEATHER ITEM   OBSERVED TIME   RECORD YEAR NORMAL DEPARTURE LAST
                VALUE   (LST)  VALUE       VALUE  FROM      YEAR
                                                  NORMAL
..................................................................
TEMPERATURE (F)
 YESTERDAY
  MAXIMUM         87    232 PM  97    2005  85      2       83
  MINIMUM         69    105 AM  54    1967  68      1       65
                                      1883
  AVERAGE         78                        77      1       74

PRECIPITATION (IN)
  YESTERDAY        0.10          1.68 1969   0.14  -0.04     0.66
  MONTH TO DATE    3.43                      3.18   0.25     5.92
  SINCE MAR 1      9.44                     13.31  -3.87    11.99
  SINCE JAN 1     22.74                     23.00  -0.26    27.34

DEGREE DAYS
 COOLING
  YESTERDAY       13                        12      1        9
  MONTH TO DATE  316                       210    106      253
  SINCE MAR 1    471                       344    127      591
  SINCE JAN 1    569                       358    211      701
..................................................................


WIND (MPH)
  HIGHEST WIND SPEED    20   HIGHEST WIND DIRECTION     N (340)
  HIGHEST GUST SPEED    26   HIGHEST GUST DIRECTION     N (340)
  AVERAGE WIND SPEED     5.5


SKY COVER
  POSSIBLE SUNSHINE  MM
  AVERAGE SKY COVER 0.2


WEATHER CONDITIONS
 THE FOLLOWING WEATHER WAS RECORDED YESTERDAY.
  THUNDERSTORM
  HEAVY RAIN
  FOG


RELATIVE HUMIDITY (PERCENT)
 HIGHEST    93          1000 PM
 LOWEST     59          1000 AM
 AVERAGE    76

..........................................................


THE PENSACOLA CLIMATE NORMALS FOR TODAY
                         NORMAL    RECORD    YEAR
 MAXIMUM TEMPERATURE (F)   85        94      2012
                                             1996
                                             1953
 MINIMUM TEMPERATURE (F)   68        53      1979


SUNRISE AND SUNSET
MAY 25 2018...........SUNRISE   549 AM CDT   SUNSET   742 PM CDT
MAY 26 2018...........SUNRISE   549 AM CDT   SUNSET   743 PM CDT


-  INDICATES NEGATIVE NUMBERS.
R  INDICATES RECORD WAS SET OR TIED.
MM INDICATES DATA IS MISSING.
T  INDICATES TRACE AMOUNT.




$$
