000
CDUS45 KFGZ 200733
CLIPRC


CLIMATE REPORT
NATIONAL WEATHER SERVICE FLAGSTAFF, AZ
1233 AM MST FRI APR 20 2018


...................................

...THE PRESCOTT AZ AIRPORT CLIMATE SUMMARY FOR APRIL 19 2018...

CLIMATE NORMAL PERIOD 1981 TO 2010
CLIMATE RECORD PERIOD 1948 TO 2018


WEATHER ITEM   OBSERVED TIME   RECORD YEAR NORMAL DEPARTURE LAST
                VALUE   (LST)  VALUE       VALUE  FROM      YEAR
                                                  NORMAL
..................................................................
TEMPERATURE (F)
 YESTERDAY
  MAXIMUM         63   1242 PM  85    1989  68     -5       74
  MINIMUM         41   1139 PM  24    1955  39      2       47
  AVERAGE         52                        53     -1

PRECIPITATION (IN)
  YESTERDAY        0.00          0.81 1952   0.02  -0.02     0.00
  MONTH TO DATE    0.00                      0.36  -0.36     0.11
  SINCE SEP 1      1.97                      8.25  -6.28    11.00
  SINCE JAN 1      1.44                      3.94  -2.50     4.25

DEGREE DAYS
 HEATING
  YESTERDAY       13                                1
  MONTH TO DATE  151                             -112
  SINCE JUL 1   3166                             -844

 COOLING
  YESTERDAY        0                                0
  MONTH TO DATE    2                                2
  SINCE JAN 1      2                                2
..................................................................


WIND (MPH)
  HIGHEST WIND SPEED    36   HIGHEST WIND DIRECTION     S (200)
  HIGHEST GUST SPEED    47   HIGHEST GUST DIRECTION     S (190)
  AVERAGE WIND SPEED    15.3


SKY COVER
  AVERAGE SKY COVER 0.0


WEATHER CONDITIONS
 THE FOLLOWING WEATHER WAS RECORDED YESTERDAY.
  NO SIGNIFICANT WEATHER WAS OBSERVED.


RELATIVE HUMIDITY (PERCENT)
 HIGHEST    45
 LOWEST     10

..........................................................


THE PRESCOTT AZ AIRPORT CLIMATE NORMALS FOR TODAY
                         NORMAL    RECORD    YEAR
 MAXIMUM TEMPERATURE (F)   68        85      1950
 MINIMUM TEMPERATURE (F)   39        22      1966


SUNRISE AND SUNSET
APRIL 20 2018.........SUNRISE   552 AM MST   SUNSET   706 PM MST
APRIL 21 2018.........SUNRISE   551 AM MST   SUNSET   707 PM MST


-  INDICATES NEGATIVE NUMBERS.
R  INDICATES RECORD WAS SET OR TIED.
MM INDICATES DATA IS MISSING.
T  INDICATES TRACE AMOUNT.




$$
