000
CDUS45 KPUB 241028
CLIPUB


CLIMATE REPORT
NATIONAL WEATHER SERVICE PUEBLO
427 AM MDT THU MAY 24 2018


...................................

...THE PUEBLO CO CLIMATE SUMMARY FOR MAY 23 2018...

CLIMATE NORMAL PERIOD 1981 TO 2010
CLIMATE RECORD PERIOD 1888 TO 2018


WEATHER ITEM   OBSERVED TIME   RECORD YEAR NORMAL DEPARTURE LAST
                VALUE   (LST)  VALUE       VALUE  FROM      YEAR
                                                  NORMAL
..................................................................
TEMPERATURE (F)
 YESTERDAY
  MAXIMUM         89    255 PM 100    2000  79     10       68
  MINIMUM         54    507 AM  32    1893  46      8       42
  AVERAGE         72                        63      9       55

PRECIPITATION (IN)
  YESTERDAY        0.00          1.00 1936   0.05  -0.05     0.00
  MONTH TO DATE    0.45                      1.12  -0.67     2.93
  SINCE MAR 1      1.00                      3.45  -2.45     8.07
  SINCE JAN 1      1.81                      4.10  -2.29     8.99

SNOWFALL (IN)
  YESTERDAY        0.0           0.0  2015   0.0    0.0      0.0
  MONTH TO DATE    T                         0.5   -0.5       T
  SINCE MAR 1      T                        10.0  -10.0     14.0
  SINCE JUL 1     13.7                      31.8  -18.1     28.2
  SNOW DEPTH       0

DEGREE DAYS
 HEATING
  YESTERDAY        0                         4     -4       10
  MONTH TO DATE   49                       149   -100      178
  SINCE MAR 1   1060                      1286   -226     1022
  SINCE JUL 1   4876                      5589   -713     4522

 COOLING
  YESTERDAY        7                         1      6        0
  MONTH TO DATE   63                        14     49        4
  SINCE MAR 1     69                        16     53        4
  SINCE JAN 1     69                        16     53        4
..................................................................


WIND (MPH)
  HIGHEST WIND SPEED    31   HIGHEST WIND DIRECTION     S (170)
  HIGHEST GUST SPEED    39   HIGHEST GUST DIRECTION     S (190)
  AVERAGE WIND SPEED     9.2


SKY COVER
  POSSIBLE SUNSHINE  MM
  AVERAGE SKY COVER 0.0


WEATHER CONDITIONS
 THE FOLLOWING WEATHER WAS RECORDED YESTERDAY.
  HAZE


RELATIVE HUMIDITY (PERCENT)
 HIGHEST    66           400 AM
 LOWEST     16           100 PM
 AVERAGE    41

..........................................................


THE PUEBLO CO CLIMATE NORMALS FOR TODAY
                         NORMAL    RECORD    YEAR
 MAXIMUM TEMPERATURE (F)   79        97      1984
 MINIMUM TEMPERATURE (F)   47        36      2008
                                             2007
                                             2002


SUNRISE AND SUNSET
MAY 24 2018...........SUNRISE   540 AM MDT   SUNSET   810 PM MDT
MAY 25 2018...........SUNRISE   540 AM MDT   SUNSET   811 PM MDT


-  INDICATES NEGATIVE NUMBERS.
R  INDICATES RECORD WAS SET OR TIED.
MM INDICATES DATA IS MISSING.
T  INDICATES TRACE AMOUNT.




$$
