000
CDUS43 KGRB 202147
CLIRHI


CLIMATE REPORT
NATIONAL WEATHER SERVICE GREEN BAY
445 PM CDT FRI APR 20 2018


...................................

...THE RHINELANDER WI CLIMATE SUMMARY FOR APRIL 20 2018...
VALID TODAY AS OF 0400 PM LOCAL TIME.

CLIMATE NORMAL PERIOD 1981 TO 2010
CLIMATE RECORD PERIOD 1908 TO 2018


WEATHER ITEM   OBSERVED TIME   RECORD YEAR NORMAL DEPARTURE LAST
                VALUE   (LST)  VALUE       VALUE  FROM      YEAR
                                                  NORMAL
..................................................................
TEMPERATURE (F)
 TODAY
  MAXIMUM         55    249 PM  85    1987  56     -1       45
  MINIMUM         17    436 AM   5    1928  32    -15       35
  AVERAGE         36                        44     -8       40

PRECIPITATION (IN)
  TODAY            0.00          1.04 1916   0.08  -0.08     0.32
  MONTH TO DATE    2.52                      1.61   0.91     4.98
  SINCE MAR 1      4.37                      3.18   1.19     6.19
  SINCE JAN 1      6.66                      5.22   1.44     9.55

SNOWFALL (IN)
  TODAY            0.0           6.9  2009  MM     MM         T
  MONTH TO DATE   27.8                      MM     MM        5.4
  SINCE MAR 1     44.3                      MM     MM       11.2
  SINCE JUL 1     99.9                      MM     MM       62.7
  SNOW DEPTH      MM

DEGREE DAYS
 HEATING
  TODAY           29                        21      8       25
  MONTH TO DATE  784                       513    271      407
  SINCE MAR 1   2024                      1686    338     1559
  SINCE JUL 1   8599                      8308    291     7070

 COOLING
  TODAY            0                         0      0        0
  MONTH TO DATE    0                         0      0        0
  SINCE MAR 1      0                         0      0        0
  SINCE JAN 1      0                         0      0        0
..................................................................


WIND (MPH)
  HIGHEST WIND SPEED    12   HIGHEST WIND DIRECTION    SW (210)
  HIGHEST GUST SPEED    15   HIGHEST GUST DIRECTION    SW (210)
  AVERAGE WIND SPEED     3.5


SKY COVER
  POSSIBLE SUNSHINE  MM
  AVERAGE SKY COVER 0.0


WEATHER CONDITIONS
 THE FOLLOWING WEATHER WAS RECORDED TODAY.
  NO SIGNIFICANT WEATHER WAS OBSERVED.


RELATIVE HUMIDITY (PERCENT)
 HIGHEST    73           400 AM
 LOWEST     19          1200 PM
 AVERAGE    46

..........................................................


THE RHINELANDER WI CLIMATE NORMALS FOR TOMORROW
                         NORMAL    RECORD    YEAR
 MAXIMUM TEMPERATURE (F)   57        89      1987
 MINIMUM TEMPERATURE (F)   32        15      1928


SUNRISE AND SUNSET
APRIL 20 2018.........SUNRISE   603 AM CDT   SUNSET   751 PM CDT
APRIL 21 2018.........SUNRISE   602 AM CDT   SUNSET   752 PM CDT


-  INDICATES NEGATIVE NUMBERS.
R  INDICATES RECORD WAS SET OR TIED.
MM INDICATES DATA IS MISSING.
T  INDICATES TRACE AMOUNT.




$$
