000
CDUS41 KAKQ 260533
CLIRIC


CLIMATE REPORT
NATIONAL WEATHER SERVICE WAKEFIELD, VA
132 AM EDT THU APR 26 2018


...................................

...THE RICHMOND VA CLIMATE SUMMARY FOR APRIL 25 2018...

CLIMATE NORMAL PERIOD 1981 TO 2010
CLIMATE RECORD PERIOD 1871 TO 2018


WEATHER ITEM   OBSERVED TIME   RECORD YEAR NORMAL DEPARTURE LAST
                VALUE   (LST)  VALUE       VALUE  FROM      YEAR
                                                  NORMAL
..................................................................
TEMPERATURE (F)
 YESTERDAY
  MAXIMUM         67    548 PM  96    1925  73     -6       70
  MINIMUM         56   1154 PM  30    1936  49      7       55
                                      1930
  AVERAGE         62                        61      1       63

PRECIPITATION (IN)
  YESTERDAY        0.07          2.39 1937   0.11  -0.04     0.37
  MONTH TO DATE    3.07                      2.73   0.34     2.12
  SINCE MAR 1      5.40                      6.77  -1.37     5.80
  SINCE JAN 1     10.85                     12.57  -1.72    10.80

SNOWFALL (IN)
  YESTERDAY        0.0           0.0  2002   0.0    0.0
  MONTH TO DATE    T                         0.1   -0.1
  SINCE NOV 1     12.4                      10.3    2.1
  SINCE JUL 1     12.4                      10.3    2.1
  SNOW DEPTH       0

DEGREE DAYS
 HEATING
  YESTERDAY        3                         6     -3        2
  MONTH TO DATE  265                       215     50      111
  SINCE MAR 1    918                       731    187      604
  SINCE JUL 1   3682                      3667     15     3086

 COOLING
  YESTERDAY        0                         2     -2        0
  MONTH TO DATE   19                        28     -9       48
  SINCE MAR 1     22                        34    -12       56
  SINCE JAN 1     28                        34     -6       56
..................................................................


WIND (MPH)
  HIGHEST WIND SPEED    15   HIGHEST WIND DIRECTION    NW (310)
  HIGHEST GUST SPEED    18   HIGHEST GUST DIRECTION    NW (310)
  AVERAGE WIND SPEED     5.2


SKY COVER
  POSSIBLE SUNSHINE  MM
  AVERAGE SKY COVER 0.8


WEATHER CONDITIONS
 THE FOLLOWING WEATHER WAS RECORDED YESTERDAY.
  RAIN
  LIGHT RAIN
  FOG


RELATIVE HUMIDITY (PERCENT)
 HIGHEST   100           400 AM
 LOWEST     87           500 PM
 AVERAGE    94

..........................................................


THE RICHMOND VA CLIMATE NORMALS FOR TODAY
                         NORMAL    RECORD    YEAR
 MAXIMUM TEMPERATURE (F)   73        96      1960
 MINIMUM TEMPERATURE (F)   49        32      1934
                                             1919


SUNRISE AND SUNSET
APRIL 26 2018.........SUNRISE   620 AM EDT   SUNSET   755 PM EDT
APRIL 27 2018.........SUNRISE   619 AM EDT   SUNSET   756 PM EDT


-  INDICATES NEGATIVE NUMBERS.
R  INDICATES RECORD WAS SET OR TIED.
MM INDICATES DATA IS MISSING.
T  INDICATES TRACE AMOUNT.




$$
