000
CDUS46 KSGX 241125
CLIRNM


CLIMATE REPORT
NATIONAL WEATHER SERVICE SAN DIEGO, CA
424 AM PDT THU MAY 24 2018


...................................

...THE RAMONA AIRPORT CA CLIMATE SUMMARY FOR MAY 23 2018...

CLIMATE NORMAL PERIOD 1981 TO 2010
CLIMATE RECORD PERIOD 1974 TO 2018


WEATHER ITEM   OBSERVED TIME   RECORD YEAR NORMAL DEPARTURE LAST
                VALUE   (LST)  VALUE       VALUE  FROM      YEAR
                                                  NORMAL
..................................................................
TEMPERATURE (F)
 YESTERDAY
  MAXIMUM         72    133 PM  94    2001  77     -5       92
  MINIMUM         55    449 AM  38    1975  49      6       51
  AVERAGE         64                        63      1       72

PRECIPITATION (IN)
  YESTERDAY        T             0.36 2008   0.00   0.00     0.00
  MONTH TO DATE    0.17                      0.29  -0.12     1.14
  SINCE OCT 1      5.79                     15.34  -9.55    22.72
  SINCE JAN 1      5.75                     11.20  -5.45    15.70

DEGREE DAYS
 HEATING
  YESTERDAY        1                         3     -2        0
  MONTH TO DATE   90                       110    -20       90
  SINCE MAR 1    575                       761   -186      464
  SINCE JUL 1   1693                      2502   -809     1899

 COOLING
  YESTERDAY        0                         1     -1        7
  MONTH TO DATE   21                        11     10       34
  SINCE MAR 1     31                        15     16       46
  SINCE JAN 1     47                        16     31       46
..................................................................


WIND (MPH)
  RESULTANT WIND SPEED   5   RESULTANT WIND DIRECTION   W (280)
  HIGHEST WIND SPEED    15   HIGHEST WIND DIRECTION     W (260)
  HIGHEST GUST SPEED    20   HIGHEST GUST DIRECTION     W (280)
  AVERAGE WIND SPEED     5.7


SKY COVER
  POSSIBLE SUNSHINE  MM
  AVERAGE SKY COVER 0.6


WEATHER CONDITIONS
 THE FOLLOWING WEATHER WAS RECORDED YESTERDAY.
  FOG


RELATIVE HUMIDITY (PERCENT)
 HIGHEST    93           900 PM
 LOWEST     53          1200 PM
 AVERAGE    73

..........................................................


THE RAMONA AIRPORT CA CLIMATE NORMALS FOR TODAY
                         NORMAL    RECORD    YEAR
 MAXIMUM TEMPERATURE (F)   77        87      1979
 MINIMUM TEMPERATURE (F)   49        37      2010


SUNRISE AND SUNSET
MAY 24 2018...........SUNRISE   543 AM PDT   SUNSET   746 PM PDT
MAY 25 2018...........SUNRISE   542 AM PDT   SUNSET   747 PM PDT


-  INDICATES NEGATIVE NUMBERS.
R  INDICATES RECORD WAS SET OR TIED.
MM INDICATES DATA IS MISSING.
T  INDICATES TRACE AMOUNT.




$$
