000
CDUS43 KARX 270911
CLIRST


CLIMATE REPORT
NATIONAL WEATHER SERVICE LA CROSSE WI
411 AM CDT FRI APR 27 2018


...................................

...THE ROCHESTER MN CLIMATE SUMMARY FOR APRIL 26 2018...

CLIMATE NORMAL PERIOD 1981 TO 2010
CLIMATE RECORD PERIOD 1886 TO 2018


WEATHER ITEM   OBSERVED TIME   RECORD YEAR NORMAL DEPARTURE LAST
                VALUE   (LST)  VALUE       VALUE  FROM      YEAR
                                                  NORMAL
..................................................................
TEMPERATURE (F)
 YESTERDAY
  MAXIMUM         64    258 PM  84    1962  62      2       53
  MINIMUM         34    441 AM  24    1930  41     -7       35
                                      1919
  AVERAGE         49                        51     -2       44

PRECIPITATION (IN)
  YESTERDAY        0.00          1.48 1988   0.11  -0.11     0.01
  MONTH TO DATE    3.18                      2.74   0.44     3.74
  SINCE MAR 1      4.09                      4.62  -0.53     6.61
  SINCE JAN 1      6.59                      6.31   0.28    10.39

SNOWFALL (IN)
  YESTERDAY        0.0          13.0  1988   0.1   -0.1      0.0
  MONTH TO DATE   17.0                       3.1   13.9       T
  SINCE JUL 1     60.2                      51.7    8.5     52.7
  SNOW DEPTH       0

DEGREE DAYS
 HEATING
  YESTERDAY       16                        14      2       21
  MONTH TO DATE  851                       502    349      398
  SINCE JUL 1   7881                      7374    507     6479

 COOLING
  YESTERDAY        0                         0      0        0
  MONTH TO DATE    0                         0      0        0
  SINCE JAN 1      0                         0      0        0
..................................................................


WIND (MPH)
  HIGHEST WIND SPEED    25   HIGHEST WIND DIRECTION    NW (310)
  HIGHEST GUST SPEED    33   HIGHEST GUST DIRECTION     W (250)
  AVERAGE WIND SPEED    12.6


SKY COVER
  POSSIBLE SUNSHINE  MM
  AVERAGE SKY COVER 0.0


WEATHER CONDITIONS
 THE FOLLOWING WEATHER WAS RECORDED YESTERDAY.
  HAZE


RELATIVE HUMIDITY (PERCENT)
 HIGHEST    92           600 AM
 LOWEST     43           600 PM
 AVERAGE    68

..........................................................


THE ROCHESTER MN CLIMATE NORMALS FOR TODAY
                         NORMAL    RECORD    YEAR
 MAXIMUM TEMPERATURE (F)   63        86      1977
 MINIMUM TEMPERATURE (F)   41        19      1933


SUNRISE AND SUNSET
APRIL 27 2018.........SUNRISE   608 AM CDT   SUNSET   808 PM CDT
APRIL 28 2018.........SUNRISE   606 AM CDT   SUNSET   810 PM CDT


-  INDICATES NEGATIVE NUMBERS.
R  INDICATES RECORD WAS SET OR TIED.
MM INDICATES DATA IS MISSING.
T  INDICATES TRACE AMOUNT.




$$
