000
CDUS46 KSGX 210022
CLISAN


CLIMATE REPORT
NATIONAL WEATHER SERVICE SAN DIEGO, CA
522 PM PDT SUN MAY 20 2018


...................................

...THE SAN DIEGO INTL AIRPORT CA CLIMATE SUMMARY FOR MAY 20 2018...
VALID TODAY AS OF 0500 PM LOCAL TIME.

CLIMATE NORMAL PERIOD 1981 TO 2010
CLIMATE RECORD PERIOD 1874 TO 2018


WEATHER ITEM   OBSERVED TIME   RECORD YEAR NORMAL DEPARTURE LAST
                VALUE   (LST)  VALUE       VALUE  FROM      YEAR
                                                  NORMAL
..................................................................
TEMPERATURE (F)
 TODAY
  MAXIMUM         65    138 PM  89    1883  69     -4       85
  MINIMUM         60    626 AM  48    1896  60      0       64
  AVERAGE         63                        64     -1       75

PRECIPITATION (IN)
  TODAY            0.00          0.65 1851   0.00   0.00     0.00
  MONTH TO DATE    0.12                      0.09   0.03     0.92
  SINCE OCT 1      3.32                     10.04  -6.72    12.63
  SINCE JAN 1      3.23                      6.93  -3.70     7.73

DEGREE DAYS
 HEATING
  TODAY            2                         2      0        0
  MONTH TO DATE   37                        42     -5       34
  SINCE MAR 1    218                       333   -115      129
  SINCE JUL 1    669                      1191   -522      721

 COOLING
  TODAY            0                         1     -1       10
  MONTH TO DATE    9                        20    -11       30
  SINCE MAR 1     33                        39     -6       76
  SINCE JAN 1     50                        44      6       76
..................................................................


WIND (MPH)
  RESULTANT WIND SPEED   4   RESULTANT WIND DIRECTION  SW (240)
  HIGHEST WIND SPEED    15   HIGHEST WIND DIRECTION     W (250)
  HIGHEST GUST SPEED    17   HIGHEST GUST DIRECTION     W (270)
  AVERAGE WIND SPEED     6.2


SKY COVER
  POSSIBLE SUNSHINE  MM
  AVERAGE SKY COVER 1.0


WEATHER CONDITIONS
 THE FOLLOWING WEATHER WAS RECORDED TODAY.
  NO SIGNIFICANT WEATHER WAS OBSERVED.


RELATIVE HUMIDITY (PERCENT)
 HIGHEST    84           600 AM
 LOWEST     72           200 AM
 AVERAGE    78

..........................................................


THE SAN DIEGO INTL AIRPORT CA CLIMATE NORMALS FOR TOMORROW
                         NORMAL    RECORD    YEAR
 MAXIMUM TEMPERATURE (F)   69        85      1941
 MINIMUM TEMPERATURE (F)   60        49      1948


SUNRISE AND SUNSET
MAY 20 2018...........SUNRISE   547 AM PDT   SUNSET   744 PM PDT
MAY 21 2018...........SUNRISE   546 AM PDT   SUNSET   745 PM PDT


-  INDICATES NEGATIVE NUMBERS.
R  INDICATES RECORD WAS SET OR TIED.
MM INDICATES DATA IS MISSING.
T  INDICATES TRACE AMOUNT.




$$
