468
CDUS44 KEWX 262245
CLISAT


CLIMATE REPORT
NATIONAL WEATHER SERVICE AUSTIN/SAN ANTONIO, TX
545 PM CDT SAT MAY 26 2018


...................................

...THE SAN ANTONIO CLIMATE SUMMARY FOR MAY 26 2018...
VALID TODAY AS OF 0500 PM LOCAL TIME.

CLIMATE NORMAL PERIOD 1981 TO 2010
CLIMATE RECORD PERIOD 1886 TO 2018


WEATHER ITEM   OBSERVED TIME   RECORD YEAR NORMAL DEPARTURE LAST
                VALUE   (LST)  VALUE       VALUE  FROM      YEAR
                                                  NORMAL
..................................................................
TEMPERATURE (F)
 TODAY
  MAXIMUM         98    359 PM 100    1989  89      9       91
  MINIMUM         72    352 AM  54    1947  69      3       75
  AVERAGE         85                        79      6       83

PRECIPITATION (IN)
  TODAY            0.00          3.27 1970   0.14  -0.14      T
  MONTH TO DATE    0.97                      3.25  -2.28     0.77
  SINCE MAR 1      5.35                      7.66  -2.31     5.75
  SINCE JAN 1      7.54                     11.21  -3.67    12.08

SNOWFALL (IN)
  TODAY            0.0
  MONTH TO DATE    0.0
  SINCE MAR 1      T
  SINCE JUL 1      1.9
  SNOW DEPTH       0

DEGREE DAYS
 HEATING
  TODAY            0                         0      0        0
  MONTH TO DATE    0                         0      0        0
  SINCE MAR 1     87                       193   -106       60
  SINCE JUL 1   1303                      1494   -191      778

 COOLING
  TODAY           20                        14      6       18
  MONTH TO DATE  383                       296     87      260
  SINCE MAR 1    638                       529    109      593
  SINCE JAN 1    684                       555    129      693
..................................................................


WIND (MPH)
  HIGHEST WIND SPEED    15   HIGHEST WIND DIRECTION     S (170)
  HIGHEST GUST SPEED    20   HIGHEST GUST DIRECTION     S (180)
  AVERAGE WIND SPEED     6.8


SKY COVER
  AVERAGE SKY COVER 0.2


WEATHER CONDITIONS
 THE FOLLOWING WEATHER WAS RECORDED TODAY.
  NO SIGNIFICANT WEATHER WAS OBSERVED.


RELATIVE HUMIDITY (PERCENT)
 HIGHEST    87           600 AM
 LOWEST     35           300 PM
 AVERAGE    61

..........................................................


THE SAN ANTONIO CLIMATE NORMALS FOR TOMORROW
                         NORMAL    RECORD    YEAR
 MAXIMUM TEMPERATURE (F)   90       100      2011
 MINIMUM TEMPERATURE (F)   70        52      1901


SUNRISE AND SUNSET
MAY 26 2018...........SUNRISE   636 AM CDT   SUNSET   826 PM CDT
MAY 27 2018...........SUNRISE   636 AM CDT   SUNSET   827 PM CDT


-  INDICATES NEGATIVE NUMBERS.
R  INDICATES RECORD WAS SET OR TIED.
MM INDICATES DATA IS MISSING.
T  INDICATES TRACE AMOUNT.




$$
