000
CDUS46 KSTO 270039
CLISCK


CLIMATE REPORT
NATIONAL WEATHER SERVICE SACRAMENTO, CA
539 PM PDT THU APR 26 2018


...................................

...THE STOCKTON AIRPORT CA CLIMATE SUMMARY FOR APRIL 26 2018...
VALID TODAY AS OF 0500 PM LOCAL TIME.

CLIMATE NORMAL PERIOD 1981 TO 2010
CLIMATE RECORD PERIOD 1948 TO 2018


WEATHER ITEM   OBSERVED TIME   RECORD YEAR NORMAL DEPARTURE LAST
                VALUE   (LST)  VALUE       VALUE  FROM      YEAR
                                                  NORMAL
..................................................................
TEMPERATURE (F)
 TODAY
  MAXIMUM         80    326 PM  96    2004  76      4       72
  MINIMUM         50    448 AM  39    2003  48      2       55
                                      1984
                                      1955
  AVERAGE         65

PRECIPITATION (IN)
  TODAY            0.00          0.51 1953   0.03  -0.03      T
  MONTH TO DATE    1.72                      0.89   0.83     1.86
  SINCE OCT 1      9.09                     13.06  -3.97    21.68
  SINCE JAN 1      8.13                      8.33  -0.20    15.52

SNOWFALL (IN)
  TODAY            0.0          MM      MM
  MONTH TO DATE    0.0
  SINCE MAR 1      0.0
  SINCE JUL 1      0.0

DEGREE DAYS
 HEATING
  TODAY            0                         4     -4        1
  MONTH TO DATE  107                       173    -66      141
  SINCE MAR 1    407                       497    -90      368
  SINCE JUL 1   1992                      2559   -567     2077

 COOLING
  TODAY            0                         1     -1        0
  MONTH TO DATE   16                         9      7        0
  SINCE MAR 1     18                         9      9        1
  SINCE JAN 1     18                         9      9        1
..................................................................


WIND (MPH)
  RESULTANT WIND SPEED   5   RESULTANT WIND DIRECTION  NW (330)
  HIGHEST WIND SPEED    16   HIGHEST WIND DIRECTION    NW (310)
  HIGHEST GUST SPEED    20   HIGHEST GUST DIRECTION    NW (310)


SKY COVER
  POSSIBLE SUNSHINE  MM
  AVERAGE SKY COVER 0.0


WEATHER CONDITIONS
 THE FOLLOWING WEATHER WAS RECORDED TODAY.
  NO SIGNIFICANT WEATHER WAS OBSERVED.


RELATIVE HUMIDITY (PERCENT)
 HIGHEST    89           400 AM
 LOWEST     36           100 PM
 AVERAGE    63

..........................................................


THE STOCKTON AIRPORT CA CLIMATE NORMALS FOR TOMORROW
                         NORMAL    RECORD    YEAR
 MAXIMUM TEMPERATURE (F)   76        96      2004
 MINIMUM TEMPERATURE (F)   48        34      1955


SUNRISE AND SUNSET
APRIL 26 2018.........SUNRISE   615 AM PDT   SUNSET   751 PM PDT
APRIL 27 2018.........SUNRISE   614 AM PDT   SUNSET   752 PM PDT


-  INDICATES NEGATIVE NUMBERS.
R  INDICATES RECORD WAS SET OR TIED.
MM INDICATES DATA IS MISSING.
T  INDICATES TRACE AMOUNT.




$$
