000
CDUS43 KLMK 200628
CLISDF


CLIMATE REPORT
NATIONAL WEATHER SERVICE LOUISVILLE KY
227 AM EDT FRI APR 20 2018


...................................

...THE LOUISVILLE KY CLIMATE SUMMARY FOR APRIL 19 2018...

CLIMATE NORMAL PERIOD 1981 TO 2010
CLIMATE RECORD PERIOD 1871 TO 2018


WEATHER ITEM   OBSERVED TIME   RECORD YEAR NORMAL DEPARTURE LAST
                VALUE   (LST)  VALUE       VALUE  FROM      YEAR
                                                  NORMAL
..................................................................
TEMPERATURE (F)
 YESTERDAY
  MAXIMUM         55    554 PM  86    2016  70    -15       85
                                      2002
                                      1958
  MINIMUM         39    730 AM  27    1983  48     -9       63
  AVERAGE         47                        59    -12       74

PRECIPITATION (IN)
  YESTERDAY        0.00          1.47 1903   0.13  -0.13     0.02
  MONTH TO DATE    2.59                      2.40   0.19     2.33
  SINCE MAR 1      7.64                      6.57   1.07     6.01
  SINCE JAN 1     19.94                     12.99   6.95    12.28

SNOWFALL (IN)
  YESTERDAY        0.0           T    2006   0.0    0.0      0.0
                                      1953
  MONTH TO DATE    1.2                       0.1    1.1      0.0
  SINCE MAR 1     13.1                       1.5   11.6       T
  SINCE JUL 1     19.1                      12.5    6.6      2.7
  SNOW DEPTH       0

DEGREE DAYS
 HEATING
  YESTERDAY       18                         7     11        0
  MONTH TO DATE  291                       183    108       66
  SINCE MAR 1    892                       721    171      524
  SINCE JUL 1   3980                      3962     18     2989

 COOLING
  YESTERDAY        0                         1     -1        9
  MONTH TO DATE   19                        19      0       61
  SINCE MAR 1     19                        25     -6       72
  SINCE JAN 1     31                        25      6       77
..................................................................


WIND (MPH)
  HIGHEST WIND SPEED    29   HIGHEST WIND DIRECTION    NW (300)
  HIGHEST GUST SPEED    36   HIGHEST GUST DIRECTION    NW (300)
  AVERAGE WIND SPEED    11.8


SKY COVER
  POSSIBLE SUNSHINE  MM
  AVERAGE SKY COVER 0.6


WEATHER CONDITIONS
 THE FOLLOWING WEATHER WAS RECORDED YESTERDAY.
  NO SIGNIFICANT WEATHER WAS OBSERVED.


RELATIVE HUMIDITY (PERCENT)
 HIGHEST    64           700 AM
 LOWEST     38           500 PM
 AVERAGE    51

..........................................................


THE LOUISVILLE KY CLIMATE NORMALS FOR TODAY
                         NORMAL    RECORD    YEAR
 MAXIMUM TEMPERATURE (F)   70        87      1976
                                             1896
 MINIMUM TEMPERATURE (F)   49        28      1897


SUNRISE AND SUNSET
APRIL 20 2018.........SUNRISE   700 AM EDT   SUNSET   824 PM EDT
APRIL 21 2018.........SUNRISE   659 AM EDT   SUNSET   825 PM EDT


-  INDICATES NEGATIVE NUMBERS.
R  INDICATES RECORD WAS SET OR TIED.
MM INDICATES DATA IS MISSING.
T  INDICATES TRACE AMOUNT.

$$

SCHOETTMER
