000
CDUS46 KMTR 230829
CLISFD


CLIMATE REPORT
NATIONAL WEATHER SERVICE SAN FRANCISCO BAY AREA
129 AM PDT MON APR 23 2018


...................................

...THE SAN FRANCISCO DWTN CA CLIMATE SUMMARY FOR APRIL 22 2018...

CLIMATE NORMAL PERIOD 1981 TO 2010
CLIMATE RECORD PERIOD 1850 TO 2018


WEATHER ITEM   OBSERVED TIME   RECORD YEAR NORMAL DEPARTURE LAST
                VALUE   (LST)  VALUE       VALUE  FROM      YEAR
                                                  NORMAL
..................................................................
TEMPERATURE (F)
 YESTERDAY
  MAXIMUM         72   1143 AM  86    1910  63      9       62
  MINIMUM         49    543 AM  44    1901  49      0       52
  AVERAGE         61                        56      5       57

PRECIPITATION (IN)
  YESTERDAY        0.00          0.52 2016   0.04  -0.04     0.00
  MONTH TO DATE    3.91                      1.17   2.74     2.22
  SINCE OCT 1     17.37                     22.23  -4.86    32.20
  SINCE JAN 1     14.08                     13.39   0.69    23.17

DEGREE DAYS
 HEATING
  YESTERDAY        4                        MM     MM        8
  MONTH TO DATE  187                        MM     MM      162
  SINCE MAR 1    502                        MM     MM      401
  SINCE JUL 1   1957                        MM     MM     2248

 COOLING
  YESTERDAY        0                        MM     MM        0
  MONTH TO DATE    0                         0      0        0
  SINCE MAR 1      6                         0      6        1
  SINCE JAN 1      8                         0      8        1
..................................................................







THE SAN FRANCISCO DWTN CA CLIMATE NORMALS FOR TODAY
                         NORMAL    RECORD    YEAR
 MAXIMUM TEMPERATURE (F)   64        87      1910
 MINIMUM TEMPERATURE (F)   50        43      1899


SUNRISE AND SUNSET
APRIL 23 2018.........SUNRISE   624 AM PDT   SUNSET   753 PM PDT
APRIL 24 2018.........SUNRISE   622 AM PDT   SUNSET   754 PM PDT


-  INDICATES NEGATIVE NUMBERS.
R  INDICATES RECORD WAS SET OR TIED.
MM INDICATES DATA IS MISSING.
T  INDICATES TRACE AMOUNT.




$$
