000
CDUS43 KSGF 250629
CLISGF


CLIMATE REPORT
NATIONAL WEATHER SERVICE SPRINGFIELD MO
128 AM CDT FRI MAY 25 2018


...................................

...THE SPRINGFIELD MO CLIMATE SUMMARY FOR MAY 24 2018...

CLIMATE NORMAL PERIOD 1981 TO 2010
CLIMATE RECORD PERIOD 1888 TO 2018


WEATHER ITEM   OBSERVED TIME   RECORD YEAR NORMAL DEPARTURE LAST
                VALUE   (LST)  VALUE       VALUE  FROM      YEAR
                                                  NORMAL
..................................................................
TEMPERATURE (F)
 YESTERDAY
  MAXIMUM         85    229 PM  90    1939  77      8       61
  MINIMUM         66    123 AM  40    1925  57      9       50
  AVERAGE         76                        67      9       56

PRECIPITATION (IN)
  YESTERDAY        0.00          2.52 1888   0.15  -0.15     0.08
  MONTH TO DATE    2.79                      4.06  -1.27     5.74
  SINCE MAR 1      8.67                     12.00  -3.33    22.56
  SINCE JAN 1     18.20                     16.99   1.21    27.02

SNOWFALL (IN)
  YESTERDAY        0.0
  MONTH TO DATE    0.0
  SINCE MAR 1      0.7
  SINCE JUL 1      6.1
  SNOW DEPTH       0

DEGREE DAYS
 HEATING
  YESTERDAY        0                         2     -2        9
  MONTH TO DATE    5                        85    -80       71
  SINCE MAR 1    968                       966      2      662
  SINCE JUL 1   4257                      4559   -302     3351

 COOLING
  YESTERDAY       11                         4      7        0
  MONTH TO DATE  180                        57    123       63
  SINCE MAR 1    192                        82    110      104
  SINCE JAN 1    193                        82    111      113
..................................................................


WIND (MPH)
  HIGHEST WIND SPEED    15   HIGHEST WIND DIRECTION    SE (150)
  HIGHEST GUST SPEED    19   HIGHEST GUST DIRECTION     S (160)
  AVERAGE WIND SPEED     6.6


SKY COVER
  AVERAGE SKY COVER 0.2


WEATHER CONDITIONS
 THE FOLLOWING WEATHER WAS RECORDED YESTERDAY.
  THUNDERSTORM


RELATIVE HUMIDITY (PERCENT)
 HIGHEST    90          1000 PM
 LOWEST     55           100 PM
 AVERAGE    73

..........................................................


THE SPRINGFIELD MO CLIMATE NORMALS FOR TODAY
                         NORMAL    RECORD    YEAR
 MAXIMUM TEMPERATURE (F)   78        90      2012
                                             2006
                                             1962
 MINIMUM TEMPERATURE (F)   57        35      1925


SUNRISE AND SUNSET
MAY 25 2018...........SUNRISE   558 AM CDT   SUNSET   823 PM CDT
MAY 26 2018...........SUNRISE   557 AM CDT   SUNSET   824 PM CDT


-  INDICATES NEGATIVE NUMBERS.
R  INDICATES RECORD WAS SET OR TIED.
MM INDICATES DATA IS MISSING.
T  INDICATES TRACE AMOUNT.




$$
