014
CDAK48 PAFC 210044
CLISNP


CLIMATE REPORT
NATIONAL WEATHER SERVICE ANCHORAGE, AK
444 PM AKDT FRI APR 20 2018


...................................

...THE SAINT PAUL ISLAND CLIMATE SUMMARY FOR APRIL 20 2018...
VALID TODAY AS OF 0400 PM LOCAL TIME.

CLIMATE NORMAL PERIOD 1981 TO 2010
CLIMATE RECORD PERIOD 1892 TO 2018


WEATHER ITEM   OBSERVED TIME   RECORD YEAR NORMAL DEPARTURE LAST
                VALUE   (LST)  VALUE       VALUE  FROM      YEAR
                                                  NORMAL
..................................................................
TEMPERATURE (F)
 TODAY
  MAXIMUM         37        MM  47    1981  34      3       32
  MINIMUM         27    200 AM  13    1960  26      1       27
  AVERAGE         32                        30      2       30

PRECIPITATION (IN)
  TODAY            0.00          0.34 1961   0.04  -0.04      T
  MONTH TO DATE    1.07                      0.72   0.35     0.86
  SINCE MAR 1      3.44                      1.79   1.65     0.96
  SINCE JAN 1      6.42                      4.67   1.75     4.05

SNOWFALL (IN)
  TODAY            0.0          MM      MM   0.1   -0.1       T
  MONTH TO DATE    T                         4.3   -4.3      0.2
  SINCE MAR 1      4.1                      12.3   -8.2      0.6
  SINCE JUL 1     14.6                      57.3  -42.7     48.8
  SNOW DEPTH       0

DEGREE DAYS
 HEATING
  TODAY           33                        35     -2       35
  MONTH TO DATE  603                       739   -136      688
  SINCE MAR 1   1578                      1984   -406     1897
  SINCE JUL 1   7573                      8901  -1328     7772

 COOLING
  TODAY            0                         0      0        0
  MONTH TO DATE    0                         0      0        0
  SINCE MAR 1      0                         0      0        0
  SINCE JAN 1      0                         0      0        0
..................................................................


WIND (MPH)
  RESULTANT WIND SPEED   4   RESULTANT WIND DIRECTION  NW (310)
  HIGHEST WIND SPEED     8   HIGHEST WIND DIRECTION    NW (320)
  HIGHEST GUST SPEED    MM   HIGHEST GUST DIRECTION    MM
  AVERAGE WIND SPEED     5.3



WEATHER CONDITIONS
 THE FOLLOWING WEATHER WAS RECORDED TODAY.
  FOG


..........................................................


THE SAINT PAUL ISLAND CLIMATE NORMALS FOR TOMORROW
                         NORMAL    RECORD    YEAR
 MAXIMUM TEMPERATURE (F)   35        44      1996
                                             1979
 MINIMUM TEMPERATURE (F)   27         2      1972


SUNRISE AND SUNSET
APRIL 20 2018.........SUNRISE   759 AM AKDT  SUNSET  1042 PM AKDT
APRIL 21 2018.........SUNRISE   756 AM AKDT  SUNSET  1044 PM AKDT


-  INDICATES NEGATIVE NUMBERS.
R  INDICATES RECORD WAS SET OR TIED.
MM INDICATES DATA IS MISSING.
T  INDICATES TRACE AMOUNT.




$$
