523
CDUS43 KILX 220633
CLISPI


CLIMATE REPORT
NATIONAL WEATHER SERVICE LINCOLN IL
132 AM CDT SUN APR 22 2018


...................................

...THE SPRINGFIELD IL CLIMATE SUMMARY FOR APRIL 21 2018...

CLIMATE NORMAL PERIOD 1981 TO 2010
CLIMATE RECORD PERIOD 1879 TO 2018


WEATHER ITEM   OBSERVED TIME   RECORD YEAR NORMAL DEPARTURE LAST
                VALUE   (LST)  VALUE       VALUE  FROM      YEAR
                                                  NORMAL
..................................................................
TEMPERATURE (F)
 YESTERDAY
  MAXIMUM         66    221 PM  87    1902  67     -1       60
  MINIMUM         42    547 AM  28    1904  44     -2       46
  AVERAGE         54                        56     -2       53

PRECIPITATION (IN)
  YESTERDAY        0.00          2.19 1984   0.12  -0.12     0.00
  MONTH TO DATE    2.05                      2.35  -0.30     2.79
  SINCE MAR 1      6.41                      4.98   1.43     7.05
  SINCE JAN 1     11.13                      8.61   2.52     8.52

SNOWFALL (IN)
  YESTERDAY        0.0           T    1893   0.0    0.0      0.0
  MONTH TO DATE    4.8                       0.3    4.5      0.0
  SINCE MAR 1      4.8                       2.8    2.0      4.6
  SINCE JUL 1     11.8                      20.9   -9.1     10.3
  SNOW DEPTH       0

DEGREE DAYS
 HEATING
  YESTERDAY       11                        10      1       12
  MONTH TO DATE  454                       287    167      139
  SINCE MAR 1   1204                       998    206      736
  SINCE JUL 1   5182                      5269    -87     3991

 COOLING
  YESTERDAY        0                         1     -1        0
  MONTH TO DATE   10                        10      0       33
  SINCE MAR 1     10                        12     -2       33
  SINCE JAN 1     10                        12     -2       33
..................................................................


WIND (MPH)
  HIGHEST WIND SPEED    20   HIGHEST WIND DIRECTION     E (90)
  HIGHEST GUST SPEED    27   HIGHEST GUST DIRECTION     E (100)
  AVERAGE WIND SPEED    10.7


SKY COVER
  POSSIBLE SUNSHINE  MM
  AVERAGE SKY COVER 0.1


WEATHER CONDITIONS
 THE FOLLOWING WEATHER WAS RECORDED YESTERDAY.
  NO SIGNIFICANT WEATHER WAS OBSERVED.


RELATIVE HUMIDITY (PERCENT)
 HIGHEST    57           400 AM
 LOWEST     25           500 PM
 AVERAGE    41

..........................................................


THE SPRINGFIELD IL CLIMATE NORMALS FOR TODAY
                         NORMAL    RECORD    YEAR
 MAXIMUM TEMPERATURE (F)   67        89      1925
 MINIMUM TEMPERATURE (F)   45        30      1986
                                             1959


SUNRISE AND SUNSET
APRIL 22 2018.........SUNRISE   611 AM CDT   SUNSET   744 PM CDT
APRIL 23 2018.........SUNRISE   610 AM CDT   SUNSET   745 PM CDT


-  INDICATES NEGATIVE NUMBERS.
R  INDICATES RECORD WAS SET OR TIED.
MM INDICATES DATA IS MISSING.
T  INDICATES TRACE AMOUNT.




$$
