000
CDUS43 KFSD 210652
CLISUX


CLIMATE REPORT
NATIONAL WEATHER SERVICE SIOUX FALLS SD
150 AM CDT SAT APR 21 2018


...................................

...THE SIOUX CITY IA CLIMATE SUMMARY FOR APRIL 20 2018...

CLIMATE NORMAL PERIOD 1981 TO 2010
CLIMATE RECORD PERIOD 1889 TO 2018


WEATHER ITEM   OBSERVED TIME   RECORD YEAR NORMAL DEPARTURE LAST
                VALUE   (LST)  VALUE       VALUE  FROM      YEAR
                                                  NORMAL
..................................................................
TEMPERATURE (F)
 YESTERDAY
  MAXIMUM         60    154 PM  91    1980  64     -4       55
  MINIMUM         29    157 AM  22    2013  39    -10       36
                                      1953
  AVERAGE         45                        52     -7       46

PRECIPITATION (IN)
  YESTERDAY        0.00          2.05 2016   0.11  -0.11     0.00
  MONTH TO DATE    1.01                      1.88  -0.87     1.34
  SINCE MAR 1      2.96                      3.88  -0.92     2.85
  SINCE JAN 1      5.39                      5.17   0.22     4.44

SNOWFALL (IN)
  YESTERDAY        0.0           4.5  1992   0.0    0.0      0.0
  MONTH TO DATE    9.5                       1.5    8.0       T
  SINCE MAR 1     13.4                       8.0    5.4      3.1
  SINCE JUL 1     45.2                      34.5   10.7     28.6
  SNOW DEPTH       0

DEGREE DAYS
 HEATING
  YESTERDAY       20                        14      6       19
  MONTH TO DATE  601                       355    246      254
  SINCE MAR 1   1464                      1239    225     1023
  SINCE JUL 1   6798                      6533    265     5260

 COOLING
  YESTERDAY        0                         0      0        0
  MONTH TO DATE    0                         0      0        1
  SINCE MAR 1      0                         0      0        1
  SINCE JAN 1      0                         0      0        1
..................................................................


WIND (MPH)
  HIGHEST WIND SPEED    18   HIGHEST WIND DIRECTION    SE (130)
  HIGHEST GUST SPEED    24   HIGHEST GUST DIRECTION     S (160)
  AVERAGE WIND SPEED     9.4


SKY COVER
  POSSIBLE SUNSHINE  MM
  AVERAGE SKY COVER 0.2


WEATHER CONDITIONS
 THE FOLLOWING WEATHER WAS RECORDED YESTERDAY.
  NO SIGNIFICANT WEATHER WAS OBSERVED.


RELATIVE HUMIDITY (PERCENT)
 HIGHEST    78           300 AM
 LOWEST     33           300 PM
 AVERAGE    56

..........................................................


THE SIOUX CITY IA CLIMATE NORMALS FOR TODAY
                         NORMAL    RECORD    YEAR
 MAXIMUM TEMPERATURE (F)   65        94      1980
 MINIMUM TEMPERATURE (F)   39        23      1966
                                             1927


SUNRISE AND SUNSET
APRIL 21 2018.........SUNRISE   635 AM CDT   SUNSET   814 PM CDT
APRIL 22 2018.........SUNRISE   634 AM CDT   SUNSET   815 PM CDT


-  INDICATES NEGATIVE NUMBERS.
R  INDICATES RECORD WAS SET OR TIED.
MM INDICATES DATA IS MISSING.
T  INDICATES TRACE AMOUNT.




$$
