000
CDUS41 KBGM 190527
CLISYR


CLIMATE REPORT
NATIONAL WEATHER SERVICE BINGHAMTON NY
127 AM EDT TUE JUN 19 2018


...................................

...THE SYRACUSE NY CLIMATE SUMMARY FOR JUNE 18 2018...

CLIMATE NORMAL PERIOD 1981 TO 2010
CLIMATE RECORD PERIOD 1902 TO 2018


WEATHER ITEM   OBSERVED TIME   RECORD YEAR NORMAL DEPARTURE LAST
                VALUE   (LST)  VALUE       VALUE  FROM      YEAR
                                                  NORMAL
..................................................................
TEMPERATURE (F)
 YESTERDAY
  MAXIMUM         94   1241 PM  96    1957  78     16       90
  MINIMUM         70   1159 PM  42    1958  57     13       69
                                      1950
  AVERAGE         82                        68     14       80

PRECIPITATION (IN)
  YESTERDAY        0.33          1.19 1905   0.11   0.22     0.68
  MONTH TO DATE    2.39                      1.97   0.42     2.80
  SINCE JUN 1      2.39                      1.97   0.42     2.80
  SINCE JAN 1     16.70                     15.90   0.80    24.64

SNOWFALL (IN)
  YESTERDAY        0.0           0.0  2002   0.0    0.0      0.0
                                      2001
  MONTH TO DATE    0.0                       0.0    0.0      0.0
  SINCE JUN 1      0.0                       0.0    0.0      0.0
  SINCE JUL 1    153.6                     123.8   29.8    134.9
  SNOW DEPTH       0

DEGREE DAYS
 HEATING
  YESTERDAY        0                         1     -1        0
  MONTH TO DATE   36                        49    -13       60
  SINCE JUN 1     36                        49    -13       60
  SINCE JUL 1   6629                      6639    -10     6127

 COOLING
  YESTERDAY       17                         4     13       15
  MONTH TO DATE   46                        52     -6       72
  SINCE JUN 1     46                        52     -6       72
  SINCE JAN 1    105                        82     23      104
..................................................................


WIND (MPH)
  HIGHEST WIND SPEED    29   HIGHEST WIND DIRECTION     W (250)
  HIGHEST GUST SPEED    36   HIGHEST GUST DIRECTION    NW (300)
  AVERAGE WIND SPEED    13.1


SKY COVER
  POSSIBLE SUNSHINE  MM
  AVERAGE SKY COVER 0.8


WEATHER CONDITIONS
 THE FOLLOWING WEATHER WAS RECORDED YESTERDAY.
  THUNDERSTORM
  HEAVY RAIN
  LIGHT RAIN
  FOG


RELATIVE HUMIDITY (PERCENT)
 HIGHEST   100           400 PM
 LOWEST     52           100 PM
 AVERAGE    76

..........................................................


THE SYRACUSE NY CLIMATE NORMALS FOR TODAY
                         NORMAL    RECORD    YEAR
 MAXIMUM TEMPERATURE (F)   79        95      1995
 MINIMUM TEMPERATURE (F)   57        40      1946


SUNRISE AND SUNSET
JUNE 19 2018..........SUNRISE   525 AM EDT   SUNSET   847 PM EDT
JUNE 20 2018..........SUNRISE   525 AM EDT   SUNSET   847 PM EDT


-  INDICATES NEGATIVE NUMBERS.
R  INDICATES RECORD WAS SET OR TIED.
MM INDICATES DATA IS MISSING.
T  INDICATES TRACE AMOUNT.




$$
