000
CDUS43 KTOP 262206
CLITOP


CLIMATE REPORT
NATIONAL WEATHER SERVICE TOPEKA KS
505 PM CDT SAT MAY 26 2018


...................................

...THE TOPEKA KS CLIMATE SUMMARY FOR MAY 26 2018...
VALID TODAY AS OF 500 PM LOCAL TIME.

CLIMATE NORMAL PERIOD 1981 TO 2010
CLIMATE RECORD PERIOD 1887 TO 2018


WEATHER ITEM   OBSERVED TIME   RECORD YEAR NORMAL DEPARTURE LAST
                VALUE   (LST)  VALUE       VALUE  FROM      YEAR
                                                  NORMAL
..................................................................
TEMPERATURE (F)
 TODAY
  MAXIMUM         97R   245 PM  95    1964  79     18       86
                                      1953
  MINIMUM         68    524 AM  40    1901  57     11       60
  AVERAGE         83                        68     15       73

PRECIPITATION (IN)
  TODAY            0.00          3.22 1996   0.16  -0.16     0.05
  MONTH TO DATE    3.42                      4.12  -0.70     3.12
  SINCE MAR 1      5.53                     10.14  -4.61    13.19
  SINCE JAN 1      7.28                     12.32  -5.04    14.58

SNOWFALL (IN)
  TODAY            0.0           T    2016   0.0    0.0      0.0
                                      1953
  MONTH TO DATE    T                         0.0    0.0       T
  SINCE JAN 1      6.0                      11.3   -5.3      3.5
  SINCE JUL 1      8.1                      17.8   -9.7      6.6
  SNOW DEPTH       0

DEGREE DAYS
 HEATING
  TODAY            0                         2     -2        0
  MONTH TO DATE    0                        92    -92       81
  SINCE MAR 1   1090                      1042     48      826
  SINCE JUL 1   4870                      5009   -139     4007

 COOLING
  TODAY           18                         5     13        8
  MONTH TO DATE  232                        73    159       74
  SINCE MAR 1    239                       101    138      111
  SINCE JAN 1    239                       101    138      111
..................................................................


WIND (MPH)
  HIGHEST WIND SPEED    14   HIGHEST WIND DIRECTION    SW (210)
  HIGHEST GUST SPEED    18   HIGHEST GUST DIRECTION     S (190)
  AVERAGE WIND SPEED     5.3



WEATHER CONDITIONS
 THE FOLLOWING WEATHER WAS RECORDED TODAY.
  NO SIGNIFICANT WEATHER WAS OBSERVED.


RELATIVE HUMIDITY (PERCENT)
 HIGHEST    90           400 AM
 LOWEST     40           200 PM
 AVERAGE    65

..........................................................


THE TOPEKA KS CLIMATE NORMALS FOR TOMORROW
                         NORMAL    RECORD    YEAR
 MAXIMUM TEMPERATURE (F)   79        92      2006
 MINIMUM TEMPERATURE (F)   58        37      1907


SUNRISE AND SUNSET
MAY 26 2018...........SUNRISE   601 AM CDT   SUNSET   838 PM CDT
MAY 27 2018...........SUNRISE   601 AM CDT   SUNSET   839 PM CDT


-  INDICATES NEGATIVE NUMBERS.
R  INDICATES RECORD WAS SET OR TIED.
MM INDICATES DATA IS MISSING.
T  INDICATES TRACE AMOUNT.




$$
