000
CDUS46 KSGX 220021
CLITRM


CLIMATE REPORT
NATIONAL WEATHER SERVICE SAN DIEGO, CA
521 PM PDT MON MAY 21 2018


...................................

...THE THERMAL AIRPORT CA CLIMATE SUMMARY FOR MAY 21 2018...
VALID TODAY AS OF 0500 PM LOCAL TIME.

CLIMATE NORMAL PERIOD 1981 TO 2010
CLIMATE RECORD PERIOD 1950 TO 2018


WEATHER ITEM   OBSERVED TIME   RECORD YEAR NORMAL DEPARTURE LAST
                VALUE   (LST)  VALUE       VALUE  FROM      YEAR
                                                  NORMAL
..................................................................
TEMPERATURE (F)
 TODAY
  MAXIMUM         92    236 PM 114    2000  97     -5      106
  MINIMUM         71    538 AM  50    1972  63      8       60
  AVERAGE         82                        80      2       83

PRECIPITATION (IN)
  TODAY            0.00          0.00 2002   0.00   0.00     0.00
                                      2000
  MONTH TO DATE    T                         0.02  -0.02      T
  SINCE OCT 1      0.41                      2.60  -2.19     3.69
  SINCE JAN 1      0.41                      1.79  -1.38     2.01

DEGREE DAYS
 HEATING
  TODAY            0                         0      0        0
  MONTH TO DATE    0                         0      0        5
  SINCE MAR 1     48                       115    -67       39
  SINCE JUL 1    611                      1180   -569      904

 COOLING
  TODAY           17                        15      2       18
  MONTH TO DATE  349                       259     90      244
  SINCE MAR 1    852                       503    349      727
  SINCE JAN 1    883                       515    368      759
..................................................................


WIND (MPH)
  RESULTANT WIND SPEED  11   RESULTANT WIND DIRECTION  NW (330)
  HIGHEST WIND SPEED    20   HIGHEST WIND DIRECTION    NW (330)
  HIGHEST GUST SPEED    26   HIGHEST GUST DIRECTION    NW (330)
  AVERAGE WIND SPEED    11.9


SKY COVER
  POSSIBLE SUNSHINE  MM
  AVERAGE SKY COVER 0.0


WEATHER CONDITIONS
 THE FOLLOWING WEATHER WAS RECORDED TODAY.
  NO SIGNIFICANT WEATHER WAS OBSERVED.


RELATIVE HUMIDITY (PERCENT)
 HIGHEST    49           500 AM
 LOWEST     18           300 PM
 AVERAGE    34

..........................................................


THE THERMAL AIRPORT CA CLIMATE NORMALS FOR TOMORROW
                         NORMAL    RECORD    YEAR
 MAXIMUM TEMPERATURE (F)   97       110      2017
                                             2000
 MINIMUM TEMPERATURE (F)   63        56      1994


SUNRISE AND SUNSET
MAY 21 2018...........SUNRISE   540 AM PDT   SUNSET   743 PM PDT
MAY 22 2018...........SUNRISE   540 AM PDT   SUNSET   744 PM PDT


-  INDICATES NEGATIVE NUMBERS.
R  INDICATES RECORD WAS SET OR TIED.
MM INDICATES DATA IS MISSING.
T  INDICATES TRACE AMOUNT.




$$
