000
CDUS45 KTWC 220028
CLITUS

CLIMATE REPORT
NATIONAL WEATHER SERVICE TUCSON AZ
526 PM MST SAT APR 21 2018


...................................

...THE TUCSON AZ CLIMATE SUMMARY FOR APRIL 21 2018...
VALID TODAY AS OF 0500 PM LOCAL TIME.

CLIMATE NORMAL PERIOD 1981 TO 2010
CLIMATE RECORD PERIOD 1895 TO 2018


WEATHER ITEM   OBSERVED TIME   RECORD YEAR NORMAL DEPARTURE LAST
                VALUE   (LST)  VALUE       VALUE  FROM      YEAR
                                                  NORMAL
..................................................................
TEMPERATURE (F)
 TODAY
  MAXIMUM         84    456 PM 104    1989  84      0       92
  MINIMUM         48    513 AM  38    1941  53     -5       54
                                      1918
                                      1912
  AVERAGE         66                        68     -2       73

PRECIPITATION (IN)
  TODAY            0.00          0.30 1932   0.00   0.00     0.00
  MONTH TO DATE    0.00                      0.25  -0.25      T
  SINCE OCT 1      2.57                      5.17  -2.60     3.27
  SINCE JAN 1      1.98                      2.78  -0.80     1.59

DEGREE DAYS
 HEATING
  TODAY            0                         1     -1        0
  MONTH TO DATE   12                        51    -39       14
  SINCE MAR 1    115                       230   -115       61
  SINCE JUL 1    744                      1497   -753      942

 COOLING
  TODAY            1                         5     -4        8
  MONTH TO DATE  136                        67     69      126
  SINCE MAR 1    180                        96     84      270
  SINCE JAN 1    184                       100     84      279
..................................................................


WIND (MPH)
  HIGHEST WIND SPEED    12   HIGHEST WIND DIRECTION     N (340)
  HIGHEST GUST SPEED    17   HIGHEST GUST DIRECTION     N (340)
  AVERAGE WIND SPEED     5.3


SKY COVER
  POSSIBLE SUNSHINE  MM
  AVERAGE SKY COVER 0.0


WEATHER CONDITIONS
 THE FOLLOWING WEATHER WAS RECORDED TODAY.
  NO SIGNIFICANT WEATHER WAS OBSERVED.


RELATIVE HUMIDITY (PERCENT)
 HIGHEST    36
 LOWEST     12
 AVERAGE    24

..........................................................


THE TUCSON AZ CLIMATE NORMALS FOR TOMORROW
                         NORMAL    RECORD    YEAR
 MAXIMUM TEMPERATURE (F)   84       101      2012
 MINIMUM TEMPERATURE (F)   54        33      1904


SUNRISE AND SUNSET
APRIL 21 2018.........SUNRISE   548 AM MST   SUNSET   657 PM MST
APRIL 22 2018.........SUNRISE   547 AM MST   SUNSET   658 PM MST


-  INDICATES NEGATIVE NUMBERS.
R  INDICATES RECORD WAS SET OR TIED.
MM INDICATES DATA IS MISSING.
T  INDICATES TRACE AMOUNT.




$$
