647
CDUS44 KSHV 260732
CLITXK


CLIMATE REPORT
NATIONAL WEATHER SERVICE SHREVEPORT, LA
232 AM CDT SAT MAY 26 2018


...................................

...THE TEXARKANA CLIMATE SUMMARY FOR MAY 25 2018...

CLIMATE NORMAL PERIOD 1981 TO 2010
CLIMATE RECORD PERIOD 1896 TO 2018


WEATHER ITEM   OBSERVED TIME   RECORD YEAR NORMAL DEPARTURE LAST
                VALUE   (LST)  VALUE       VALUE  FROM      YEAR
                                                  NORMAL
..................................................................
TEMPERATURE (F)
 YESTERDAY
  MAXIMUM         91    253 PM  95    1902  84      7       85
  MINIMUM         69   1139 PM  50    2017  64      5       50
                                      1935
  AVERAGE         80                        74      6       68

PRECIPITATION (IN)
  YESTERDAY        0.00          2.69 1981   0.15  -0.15     0.00
  MONTH TO DATE    1.78                      4.22  -2.44     3.50
  SINCE DEC 1     31.59                     24.80   6.79    26.54
  SINCE JAN 1     25.00                     19.75   5.25    20.12

SNOWFALL (IN)
  YESTERDAY        0.0
  MONTH TO DATE    0.0
  SINCE MAR 1      0.0
  SINCE JUL 1      2.0
  SNOW DEPTH       0

DEGREE DAYS
 HEATING
  YESTERDAY        0                         0      0        0
  MONTH TO DATE    0                        12    -12       11
  SINCE MAR 1    411                       421    -10      256
  SINCE JUL 1   2526                      2615    -89     1707

 COOLING
  YESTERDAY       15                         9      6        3
  MONTH TO DATE  288                       163    125      118
  SINCE MAR 1    334                       256     78      263
  SINCE JAN 1    348                       260     88      295
..................................................................


WIND (MPH)
  HIGHEST WIND SPEED    25   HIGHEST WIND DIRECTION    NW (300)
  HIGHEST GUST SPEED    33   HIGHEST GUST DIRECTION    NW (300)
  AVERAGE WIND SPEED     4.6


SKY COVER
  POSSIBLE SUNSHINE  MM
  AVERAGE SKY COVER 0.1


WEATHER CONDITIONS
 THE FOLLOWING WEATHER WAS RECORDED YESTERDAY.
  THUNDERSTORM


RELATIVE HUMIDITY (PERCENT)
 HIGHEST   100           300 AM
 LOWEST     52           200 PM
 AVERAGE    76

..........................................................


THE TEXARKANA CLIMATE NORMALS FOR TODAY
                         NORMAL    RECORD    YEAR
 MAXIMUM TEMPERATURE (F)   85        96      1898
 MINIMUM TEMPERATURE (F)   64        43      1925


SUNRISE AND SUNSET
MAY 26 2018...........SUNRISE   609 AM CDT   SUNSET   817 PM CDT
MAY 27 2018...........SUNRISE   609 AM CDT   SUNSET   818 PM CDT


-  INDICATES NEGATIVE NUMBERS.
R  INDICATES RECORD WAS SET OR TIED.
MM INDICATES DATA IS MISSING.
T  INDICATES TRACE AMOUNT.




$$
