000
CDUS44 KSHV 262151
CLITYR


CLIMATE REPORT
NATIONAL WEATHER SERVICE SHREVEPORT, LA
450 PM CDT THU APR 26 2018


...................................

...THE TYLER CLIMATE SUMMARY FOR APRIL 26 2018...
VALID TODAY AS OF 0400 PM LOCAL TIME.

CLIMATE NORMAL PERIOD 1981 TO 2010
CLIMATE RECORD PERIOD 1896 TO 2018


WEATHER ITEM   OBSERVED TIME   RECORD YEAR NORMAL DEPARTURE LAST
                VALUE   (LST)  VALUE       VALUE  FROM      YEAR
                                                  NORMAL
..................................................................
TEMPERATURE (F)
 TODAY
  MAXIMUM         71    253 PM  91    1925  78     -7       83
  MINIMUM         45    537 AM  38    1910  58    -13       50
  AVERAGE         58                        68    -10       67

PRECIPITATION (IN)
  TODAY            0.00          3.52 1915   0.12  -0.12     0.28
  MONTH TO DATE    1.98                      2.66  -0.68     2.04
  SINCE DEC 1     21.02                     17.89   3.13    14.73
  SINCE JAN 1     15.73                     13.65   2.08    12.08

SNOWFALL (IN)
  TODAY            0.0
  MONTH TO DATE    0.0
  SINCE MAR 1      0.0
  SINCE JUL 1      1.5
  SNOW DEPTH       0

DEGREE DAYS
 HEATING
  TODAY            7                         1      6        0
  MONTH TO DATE  126                        93     33       29
  SINCE MAR 1    268                       366    -98      158
  SINCE JUL 1   2070                      2258   -188     1241

 COOLING
  TODAY            0                         4     -4        2
  MONTH TO DATE   32                        61    -29      122
  SINCE MAR 1     97                        82     15      230
  SINCE JAN 1    124                        94     30      304
..................................................................


WIND (MPH)
  HIGHEST WIND SPEED    15   HIGHEST WIND DIRECTION     N (10)
  HIGHEST GUST SPEED    21   HIGHEST GUST DIRECTION    NW (320)
  AVERAGE WIND SPEED     7.5


SKY COVER
  POSSIBLE SUNSHINE  MM
  AVERAGE SKY COVER 0.1


WEATHER CONDITIONS
 THE FOLLOWING WEATHER WAS RECORDED TODAY.
  NO SIGNIFICANT WEATHER WAS OBSERVED.


RELATIVE HUMIDITY (PERCENT)
 HIGHEST   100           300 AM
 LOWEST     41           300 PM
 AVERAGE    71

..........................................................


THE TYLER CLIMATE NORMALS FOR TOMORROW
                         NORMAL    RECORD    YEAR
 MAXIMUM TEMPERATURE (F)   78        92      1987
 MINIMUM TEMPERATURE (F)   58        41      1967


SUNRISE AND SUNSET
APRIL 26 2018.........SUNRISE   640 AM CDT   SUNSET   759 PM CDT
APRIL 27 2018.........SUNRISE   639 AM CDT   SUNSET   800 PM CDT


-  INDICATES NEGATIVE NUMBERS.
R  INDICATES RECORD WAS SET OR TIED.
MM INDICATES DATA IS MISSING.
T  INDICATES TRACE AMOUNT.




$$
