000
CDUS46 KSEW 250121
CLIUIL


CLIMATE REPORT
NATIONAL WEATHER SERVICE SEATTLE WA
620 PM PDT TUE APR 24 2018


...................................

...THE QUILLAYUTE WA AIRPORT CLIMATE SUMMARY FOR APRIL 24 2018...
VALID TODAY AS OF 0500 PM LOCAL TIME.

CLIMATE NORMAL PERIOD 1981 TO 2010
CLIMATE RECORD PERIOD 1966 TO 2018


WEATHER ITEM   OBSERVED TIME   RECORD YEAR NORMAL DEPARTURE LAST
                VALUE   (LST)  VALUE       VALUE  FROM      YEAR
                                                  NORMAL
..................................................................
TEMPERATURE (F)
 TODAY
  MAXIMUM         76R   321 PM  72    2006  56     20       58
                                      1989
  MINIMUM         39    532 AM  30    2009  39      0       38
  AVERAGE         58                        48     10       48

PRECIPITATION (IN)
  TODAY            0.00          0.96 2012   0.23  -0.23     0.01
  MONTH TO DATE   10.27                      6.55   3.72    13.15
  SINCE OCT 1     86.02                     81.34   4.68   116.10
  SINCE JAN 1     47.80                     42.34   5.46    56.17

DEGREE DAYS
 HEATING
  TODAY            7                        17    -10       17
  MONTH TO DATE  438                       448    -10      418
  SINCE MAR 1   1132                      1096     36     1077
  SINCE JUL 1   4777                      4941   -164     4899

 COOLING
  TODAY            0                         0      0        0
  MONTH TO DATE    0                         0      0        0
  SINCE MAR 1      0                         0      0        0
  SINCE JAN 1      0                         0      0        0
..................................................................


WIND (MPH)
  RESULTANT WIND SPEED   3   RESULTANT WIND DIRECTION  NE (50)
  HIGHEST WIND SPEED    13   HIGHEST WIND DIRECTION     N (20)
  HIGHEST GUST SPEED    17   HIGHEST GUST DIRECTION     N (10)
  AVERAGE WIND SPEED     3.5


SKY COVER
  AVERAGE SKY COVER 0.0


WEATHER CONDITIONS
 THE FOLLOWING WEATHER WAS RECORDED TODAY.
  NO SIGNIFICANT WEATHER WAS OBSERVED.


RELATIVE HUMIDITY (PERCENT)
 HIGHEST    82           300 AM
 LOWEST     20           400 PM
 AVERAGE    51

..........................................................


THE QUILLAYUTE WA AIRPORT CLIMATE NORMALS FOR TOMORROW
                         NORMAL    RECORD    YEAR
 MAXIMUM TEMPERATURE (F)   56        75      1971
 MINIMUM TEMPERATURE (F)   39        26      1999


SUNRISE AND SUNSET
APRIL 24 2018.........SUNRISE   612 AM PDT   SUNSET   822 PM PDT
APRIL 25 2018.........SUNRISE   610 AM PDT   SUNSET   823 PM PDT


-  INDICATES NEGATIVE NUMBERS.
R  INDICATES RECORD WAS SET OR TIED.
MM INDICATES DATA IS MISSING.
T  INDICATES TRACE AMOUNT.




$$
