000
CDUS44 KCRP 210814
CLIVCT

CLIMATE REPORT
NATIONAL WEATHER SERVICE CORPUS CHRISTI TX
314 AM CDT SAT APR 21 2018


...................................

...THE VICTORIA CLIMATE SUMMARY FOR APRIL 20 2018...

CLIMATE NORMAL PERIOD 1981 TO 2010
CLIMATE RECORD PERIOD 1893 TO 2018


WEATHER ITEM   OBSERVED TIME   RECORD YEAR NORMAL DEPARTURE LAST
                VALUE   (LST)  VALUE       VALUE  FROM      YEAR
                                                  NORMAL
..................................................................
TEMPERATURE (F)
 YESTERDAY
  MAXIMUM         72    325 PM  93    1903  81     -9       86
  MINIMUM         54    310 AM  37    2013  61     -7       69
  AVERAGE         63                        71     -8       78

PRECIPITATION (IN)
  YESTERDAY        0.00          4.99 1985   0.08  -0.08      T
  MONTH TO DATE    0.75                      1.78  -1.03     2.78
  SINCE MAR 1      2.70                      4.55  -1.85     7.76
  SINCE JAN 1      4.88                      9.15  -4.27    16.36

SNOWFALL (IN)
  YESTERDAY        0.0
  MONTH TO DATE    0.0
  SINCE MAR 1      0.0
  SINCE JUL 1      2.0
  SNOW DEPTH       0

DEGREE DAYS
 HEATING
  YESTERDAY        2                         1      1        0
  MONTH TO DATE   31                        27      4        2
  SINCE MAR 1     86                       152    -66       36
  SINCE JUL 1   1133                      1245   -112      567

 COOLING
  YESTERDAY        0                         7     -7       13
  MONTH TO DATE   86                       101    -15      157
  SINCE MAR 1    236                       175     61      337
  SINCE JAN 1    326                       213    113      544
..................................................................


WIND (MPH)
  HIGHEST WIND SPEED    21   HIGHEST WIND DIRECTION    SE (120)
  HIGHEST GUST SPEED    27   HIGHEST GUST DIRECTION    SE (130)
  AVERAGE WIND SPEED    11.5


SKY COVER
  POSSIBLE SUNSHINE  MM
  AVERAGE SKY COVER 0.5


WEATHER CONDITIONS
 THE FOLLOWING WEATHER WAS RECORDED YESTERDAY.
  NO SIGNIFICANT WEATHER WAS OBSERVED.


RELATIVE HUMIDITY (PERCENT)
 HIGHEST    83          1200 AM
 LOWEST     57          1200 PM
 AVERAGE    70

..........................................................


THE VICTORIA CLIMATE NORMALS FOR TODAY
                         NORMAL    RECORD    YEAR
 MAXIMUM TEMPERATURE (F)   82        94      2009
                                             1909
 MINIMUM TEMPERATURE (F)   61        45      1953


SUNRISE AND SUNSET
APRIL 21 2018.........SUNRISE   656 AM CDT   SUNSET   757 PM CDT
APRIL 22 2018.........SUNRISE   655 AM CDT   SUNSET   758 PM CDT


-  INDICATES NEGATIVE NUMBERS.
R  INDICATES RECORD WAS SET OR TIED.
MM INDICATES DATA IS MISSING.
T  INDICATES TRACE AMOUNT.




$$
