000
CDUS45 KGJT 200720
CLIVEL


CLIMATE REPORT
NATIONAL WEATHER SERVICE GRAND JUNCTION CO
119 AM MDT FRI APR 20 2018


...................................

...THE VERNAL UT CLIMATE SUMMARY FOR APRIL 19 2018...

CLIMATE NORMAL PERIOD 1981 TO 2010
CLIMATE RECORD PERIOD 9999 TO 9999


WEATHER ITEM   OBSERVED TIME   RECORD YEAR NORMAL DEPARTURE LAST
                VALUE   (LST)  VALUE       VALUE  FROM      YEAR
                                                  NORMAL
..................................................................
TEMPERATURE (F)
 YESTERDAY
  MAXIMUM         65    422 PM  MM      MM  60      5       60
  MINIMUM         31    328 AM  MM      MM  35     -4       40
  AVERAGE         48                        48      0       50

PRECIPITATION (IN)
  YESTERDAY        0.03         MM      MM   0.03   0.00      T
  MONTH TO DATE    0.17                      0.47  -0.30     0.03
  SINCE MAR 1      0.69                      1.15  -0.46     1.14
  SINCE JAN 1      1.78                      2.17  -0.39     4.30

SNOWFALL (IN)
  YESTERDAY       MM            MM      MM  MM     MM       MM
  MONTH TO DATE   MM                        MM     MM       MM
  SINCE MAR 1     MM                        MM     MM       MM
  SINCE JUL 1     MM                        MM     MM       MM
  SNOW DEPTH      MM

DEGREE DAYS
 HEATING
  YESTERDAY       17                        17      0       15
  MONTH TO DATE  346                       379    -33      321
  SINCE MAR 1   1090                      1219   -129      931
  SINCE JUL 1   5816                      6710   -894     5988

 COOLING
  YESTERDAY        0                         0      0        0
  MONTH TO DATE    0                         0      0        0
  SINCE MAR 1      0                         0      0        0
  SINCE JAN 1      0                         0      0        0
..................................................................


WIND (MPH)
  HIGHEST WIND SPEED    25   HIGHEST WIND DIRECTION    NW (320)
  HIGHEST GUST SPEED    32   HIGHEST GUST DIRECTION    SE (150)
  AVERAGE WIND SPEED     4.4


SKY COVER
  POSSIBLE SUNSHINE  MM
  AVERAGE SKY COVER 0.2


WEATHER CONDITIONS
 THE FOLLOWING WEATHER WAS RECORDED YESTERDAY.
  HEAVY RAIN
  HAZE


RELATIVE HUMIDITY (PERCENT)
 HIGHEST    43           400 AM
 LOWEST      8           500 PM
 AVERAGE    26

..........................................................


THE VERNAL UT CLIMATE NORMALS FOR TODAY
                         NORMAL    RECORD    YEAR
 MAXIMUM TEMPERATURE (F)   61        MM        MM
 MINIMUM TEMPERATURE (F)   35        MM        MM


SUNRISE AND SUNSET
APRIL 20 2018.........SUNRISE   632 AM MDT   SUNSET   802 PM MDT
APRIL 21 2018.........SUNRISE   631 AM MDT   SUNSET   803 PM MDT


-  INDICATES NEGATIVE NUMBERS.
R  INDICATES RECORD WAS SET OR TIED.
MM INDICATES DATA IS MISSING.
T  INDICATES TRACE AMOUNT.




$$
