000
CDUS46 KPQR 211148
CLIVUO


CLIMATE REPORT
NATIONAL WEATHER SERVICE PORTLAND OREGON
447 AM PDT SAT APR 21 2018


...................................

...THE VANCOUVER WA CLIMATE SUMMARY FOR APRIL 20 2018...

CLIMATE NORMAL PERIOD 1981 TO 2010
CLIMATE RECORD PERIOD 1891 TO 2018


WEATHER ITEM   OBSERVED TIME   RECORD YEAR NORMAL DEPARTURE LAST
                VALUE   (LST)  VALUE       VALUE  FROM      YEAR
                                                  NORMAL
..................................................................
TEMPERATURE (F)
 YESTERDAY
  MAXIMUM         67    427 PM  90    1906  62      5       60
  MINIMUM         39    551 AM  28    1967  43     -4       44
  AVERAGE         53                        52      1       52

PRECIPITATION (IN)
  YESTERDAY        0.00                      0.11  -0.11     0.07
  MONTH TO DATE    3.15                      2.07   1.08     2.59
  SINCE OCT 1     27.63                     30.92  -3.29    44.19
  SINCE JAN 1     13.44                     15.17  -1.73    24.33

DEGREE DAYS
 HEATING
  YESTERDAY       12                                        13
  MONTH TO DATE  289                                       278
  SINCE JUL 1   3899                                      4101

 COOLING
  YESTERDAY        0                                         0
  MONTH TO DATE    0                                         0
  SINCE JAN 1      0                                         0
..................................................................


WIND (MPH)
  HIGHEST WIND SPEED    12   HIGHEST WIND DIRECTION     W (250)
  HIGHEST GUST SPEED    16   HIGHEST GUST DIRECTION     W (250)
  AVERAGE WIND SPEED     2.1


SKY COVER
  POSSIBLE SUNSHINE  MM
  AVERAGE SKY COVER 0.5


WEATHER CONDITIONS
 THE FOLLOWING WEATHER WAS RECORDED YESTERDAY.
  NO SIGNIFICANT WEATHER WAS OBSERVED.


RELATIVE HUMIDITY (PERCENT)
 HIGHEST    92           600 AM
 LOWEST     32           500 PM
 AVERAGE    62

..........................................................




SUNRISE AND SUNSET
APRIL 21 2018.........SUNRISE   614 AM PDT   SUNSET   805 PM PDT
APRIL 22 2018.........SUNRISE   613 AM PDT   SUNSET   806 PM PDT


-  INDICATES NEGATIVE NUMBERS.
R  INDICATES RECORD WAS SET OR TIED.
MM INDICATES DATA IS MISSING.
T  INDICATES TRACE AMOUNT.




$$
