000
CDUS46 KLOX 240915
CLIWJF


CLIMATE REPORT
NATIONAL WEATHER SERVICE LOS ANGELES/OXNARD CA
215 AM PDT TUE APR 24 2018


...................................

...THE LANCASTER FOX FIELD CA CLIMATE SUMMARY FOR APRIL 23 2018...

CLIMATE NORMAL PERIOD 1981 TO 2010
CLIMATE RECORD PERIOD 1948 TO 2018


WEATHER ITEM   OBSERVED TIME   RECORD YEAR NORMAL DEPARTURE
                VALUE   (LST)  VALUE       VALUE  FROM
                                                  NORMAL
...............................................................
TEMPERATURE (F)
 YESTERDAY
  MAXIMUM         88    158 PM  98    1949  75     13
  MINIMUM         59    537 AM  30    1968  47     12
  AVERAGE         74                        61     13

PRECIPITATION (IN)
  YESTERDAY        0.00          0.09 1988   0.00   0.00
  MONTH TO DATE    0.09                      0.29  -0.20
  SINCE OCT 1      2.76                      6.84  -4.08
  SINCE JAN 1      2.74                      4.71  -1.97

SNOWFALL (IN)
  YESTERDAY        0.0           0.0    MM
  MONTH TO DATE    0.0
  SINCE MAR 1      0.0
  SINCE JUL 1      0.0
  SNOW DEPTH       0

DEGREE DAYS
 HEATING
  YESTERDAY        0                               -5
  MONTH TO DATE  104                              -72
  SINCE MAR 1    490                              -54
  SINCE JUL 1   2475                             -362

 COOLING
  YESTERDAY        9                                8
  MONTH TO DATE   33                               19
  SINCE MAR 1     33                               17
  SINCE JAN 1     33                               17
...............................................................


WIND (MPH)
  HIGHEST WIND SPEED    26   HIGHEST WIND DIRECTION    SW (240)
  HIGHEST GUST SPEED    33   HIGHEST GUST DIRECTION    SW (230)
  AVERAGE WIND SPEED    12.7




RELATIVE HUMIDITY (PERCENT)
 HIGHEST    49
 LOWEST     16
 AVERAGE    33

..........................................................


THE LANCASTER FOX FIELD CA CLIMATE NORMALS FOR TODAY
                         NORMAL    RECORD    YEAR
 MAXIMUM TEMPERATURE (F)   76        93      1953
 MINIMUM TEMPERATURE (F)   47        31      1971


SUNRISE AND SUNSET
APRIL 24 2018.........SUNRISE   610 AM PDT   SUNSET   732 PM PDT
APRIL 25 2018.........SUNRISE   609 AM PDT   SUNSET   733 PM PDT


-  INDICATES NEGATIVE NUMBERS.
R  INDICATES RECORD WAS SET OR TIED.
MM INDICATES DATA IS MISSING.
T  INDICATES TRACE AMOUNT.




$$
