000
CDAK47 PAJK 241128
CLIYAK
CLIMATE REPORT
NATIONAL WEATHER SERVICE JUNEAU, AK
327 AM AKDT THU MAY 24 2018


...................................

...THE YAKUTAT CLIMATE SUMMARY FOR MAY 23 2018...

CLIMATE NORMAL PERIOD 1981 TO 2010
CLIMATE RECORD PERIOD 1917 TO 2018


WEATHER ITEM   OBSERVED RECORD YEAR NORMAL DEPARTURE LAST
                VALUE   VALUE       VALUE  FROM      YEAR
                                           NORMAL
...........................................................
TEMPERATURE (F)
 YESTERDAY
  MAXIMUM         53     74    1969  54     -1       53
  MINIMUM         45     27    1955  39      6       46
  AVERAGE         49                 46      3       50

PRECIPITATION (IN)
  YESTERDAY        0.42   3.25 1987   0.26   0.16     0.00
  MONTH TO DATE   13.91               6.16   7.75     7.80
  SINCE JAN 1     40.64              50.91 -10.27    39.69

DEGREE DAYS
 HEATING
  YESTERDAY       16                 19     -3       15
  MONTH TO DATE  427                487    -60      465
...........................................................


WIND (MPH)
  HIGHEST WIND SPEED    12   HIGHEST WIND DIRECTION     S (160)
  HIGHEST GUST SPEED    16   HIGHEST GUST DIRECTION    SW (220)
  AVERAGE WIND SPEED     5.3


SKY COVER
  AVERAGE SKY COVER 0.9


WEATHER CONDITIONS
 THE FOLLOWING WEATHER WAS RECORDED YESTERDAY.
  RAIN
  LIGHT RAIN
  FOG


..........................................................


THE YAKUTAT CLIMATE NORMALS FOR TODAY
                         NORMAL    RECORD    YEAR
 MAXIMUM TEMPERATURE (F)   54        70      1948
 MINIMUM TEMPERATURE (F)   39        28      1966


SUNRISE AND SUNSET
MAY 24 2018...........SUNRISE   425 AM AKDT  SUNSET  1007 PM AKDT
MAY 25 2018...........SUNRISE   423 AM AKDT  SUNSET  1009 PM AKDT


-  INDICATES NEGATIVE NUMBERS.
R  INDICATES RECORD WAS SET OR TIED.
MM INDICATES DATA IS MISSING.
T  INDICATES TRACE AMOUNT.




$$
--------------------------------------------------------------

AMOUNT OF DAYLIGHT TODAY (HOUR:MIN)......... 17 HOURS 42 MINUTES
GAIN/LOSS SINCE YESTERDAY (HOUR:MIN:SEC).... +0:03:54

$$
