000
CXUS53 KILX 011805
CLMCMI
CLIMATE REPORT
NATIONAL WEATHER SERVICE LINCOLN IL
105 PM CDT MON APR 01 2024
...................................
...THE CHAMPAIGN IL AIRPORT CLIMATE SUMMARY FOR THE MONTH OF MARCH 2024...
CLIMATE NORMAL PERIOD 1991 TO 2020
CLIMATE RECORD PERIOD 9999 TO 9999
WEATHER OBSERVED NORMAL DEPART LAST YEAR`S
VALUE DATE(S) VALUE FROM VALUE
NORMAL
..............................................................
TEMPERATURE (F)
RECORD
HIGH MM MM
LOW 11 03/12/2022
HIGHEST 75 03/04 MM MM 76
03/13
03/30
LOWEST 24 03/01 MM MM 14
AVG. MAXIMUM 59.8 51.5 8.3 51.5
AVG. MINIMUM 35.3 31.1 4.2 31.5
MEAN 47.6 41.3 6.3 41.5
DAYS MAX >= 90 0 0.0 0.0 0
DAYS MAX <= 32 0 1.7 -1.7 1
DAYS MIN <= 32 14 18.9 -4.9 16
DAYS MIN <= 0 0 0.2 -0.2 0
PRECIPITATION (INCHES)
RECORD
MAXIMUM 4.53 2022
MINIMUM 3.89 2023
TOTALS 1.77R 2.57 -0.80 3.89
DAILY AVG. 0.06 0.08 -0.02 0.13
DAYS >= .01 6 10.8 -4.8 13
DAYS >= .10 4 5.4 -1.4 8
DAYS >= .50 1 1.9 -0.9 2
DAYS >= 1.00 0 0.4 -0.4 1
GREATEST
24 HR. TOTAL 0.85 03/08 TO 03/08 1.59
DEGREE DAYS
HEATING TOTAL 534 737 -203 718
SINCE 7/1 4085 5064 -979 MM
COOLING TOTAL 0 2 -2 0
SINCE 1/1 0 2 -2 MM
..............................................................
WIND (MPH)
AVERAGE WIND SPEED 14.0
HIGHEST WIND SPEED/DIRECTION 37/170 DATE 03/03
37/160 03/25
HIGHEST GUST SPEED/DIRECTION 47/160 DATE 03/25
AVERAGE RH (PERCENT) 63
WEATHER CONDITIONS. NUMBER OF DAYS WITH
THUNDERSTORM 3 MIXED PRECIP 0
HEAVY RAIN 3 RAIN 4
LIGHT RAIN 10 FREEZING RAIN 0
LT FREEZING RAIN 0 HAIL 0
HEAVY SNOW 0 SNOW 0
LIGHT SNOW 0 SLEET 0
FOG 12 FOG W/VIS <= 1/4 MILE 1
HAZE 0
- INDICATES NEGATIVE NUMBERS.
R INDICATES RECORD WAS SET OR TIED.
MM INDICATES DATA IS MISSING.
T INDICATES TRACE AMOUNT.
$$