602
CXUS55 KLKN 011844
CLMEKO


CLIMATE REPORT
NATIONAL WEATHER SERVICE ELKO NV
1132 AM PDT SUN APR 1 2018

...................................

...THE ELKO AIRPORT NV CLIMATE SUMMARY FOR THE MONTH OF MARCH 2018...

CLIMATE NORMAL PERIOD 1981 TO 2010
CLIMATE RECORD PERIOD 1888 TO 2018

WEATHER         OBSERVED          NORMAL  DEPART  LAST YEAR`S
                 VALUE   DATE(S)  VALUE   FROM    VALUE  DATE(S)
                                          NORMAL
................................................................
TEMPERATURE (F)
RECORD
 HIGH              78   03/21/2004
                        03/18/1910
 LOW              -15   03/02/1890
HIGHEST            69   03/31        67       2       73  03/17
LOWEST              2   03/06        12     -10       19  03/01
                        03/05
AVG. MAXIMUM     49.6              51.6    -2.0     58.4
AVG. MINIMUM     24.0              26.2    -2.2     30.3
MEAN             36.8              38.9    -2.1     44.4
DAYS MAX >= 90      0               0.0     0.0        0
DAYS MAX <= 32      2               0.5     1.5        0
DAYS MIN <= 32     26              24.8     1.2       21
DAYS MIN <= 0       0               0.0     0.0        0

PRECIPITATION (INCHES)
RECORD
 MAXIMUM         3.75   1904
                        1902
 MINIMUM         0.04   1988
TOTALS           1.96              1.00    0.96     1.29
DAILY AVG.       0.06              0.03    0.03     0.04
DAYS >= .01         9               8.8     0.2       10
DAYS >= .10         5               3.5     1.5        5
DAYS >= .50         1               0.1     0.9        1
DAYS >= 1.00        0               0.0     0.0        0
GREATEST
 24 HR. TOTAL    0.76   03/14 TO 03/14              0.59

SNOWFALL (INCHES)
RECORDS
 TOTAL           35.5   1902
TOTALS           13.8               5.1     8.7      1.9
SINCE 7/1        27.7              37.6    -9.9     53.3
SNOWDEPTH AVG.      1                                  0
DAYS >= TRACE      12               4.7     7.3        8
DAYS >= 1.0         5               2.1     2.9        0
GREATEST
 SNOW DEPTH         6   03/03                         -1
 24 HR TOTAL      6.0   03/02 TO 03/02               0.6

DEGREE_DAYS
HEATING TOTAL     868               809      59      635
 SINCE 7/1       5510              5977    -467     5371
COOLING TOTAL       0                 0       0        0
 SINCE 1/1          0                 0       0        0
.................................................................

WIND (MPH)
AVERAGE WIND SPEED              6.3
HIGHEST WIND SPEED/DIRECTION    39/210    DATE  03/02
HIGHEST GUST SPEED/DIRECTION    48/170    DATE  03/02

AVERAGE RH (PERCENT)     63

WEATHER CONDITIONS. NUMBER OF DAYS WITH
THUNDERSTORM              3     MIXED PRECIP               0
HEAVY RAIN                0     RAIN                       3
LIGHT RAIN                6     FREEZING RAIN              0
LT FREEZING RAIN          0     HAIL                       1
HEAVY SNOW                1     SNOW                       4
LIGHT SNOW               11     SLEET                      0
FOG                      13     FOG W/VIS <= 1/4 MILE      3
HAZE                      1

-  INDICATES NEGATIVE NUMBERS.
R  INDICATES RECORD WAS SET OR TIED.
MM INDICATES DATA IS MISSING.
T  INDICATES TRACE AMOUNT.

&&

=====================================================================

...10TH WETTEST MARCH ON RECORD IN ELKO...
...TIED 9TH SNOWIEST MARCH ON RECORD IN ELKO...

A RECORD DAILY SNOWFALL OF 6.O INCHES WAS SET ON THE 2ND.
A RECORD DAILY RAINFALL OF 0.76 INCHES WAS SET ON THE 14TH.

$$

DS
