000
CXUS54 KJAN 011301
CLMGLH


CLIMATE REPORT
NATIONAL WEATHER SERVICE JACKSON MS
759 AM CDT SUN APR 1 2018

...................................

...THE GREENVILLE CLIMATE SUMMARY FOR THE MONTH OF MARCH 2018...

CLIMATE NORMAL PERIOD 1981 TO 2010
CLIMATE RECORD PERIOD 1903 TO 2018

WEATHER         OBSERVED          NORMAL  DEPART  LAST YEAR`S
                 VALUE   DATE(S)  VALUE   FROM    VALUE  DATE(S)
                                          NORMAL
................................................................
TEMPERATURE (F)
RECORD
 HIGH              91   03/24/1929
 LOW               15   03/03/1943
HIGHEST            82   03/26        MM      MM       84  03/23
                                                          03/21
LOWEST             34   03/13        MM      MM       31  03/15
AVG. MAXIMUM     66.5              65.3     1.2     69.1
AVG. MINIMUM     47.1              44.1     3.0     48.1
MEAN             56.8              54.7     2.1     58.6
DAYS MAX >= 90      0               0.0     0.0        0
DAYS MAX <= 32      0               0.0     0.0        0
DAYS MIN <= 32      0               2.2    -2.2        1
DAYS MIN <= 0       0               0.0     0.0        0

PRECIPITATION (INCHES)
RECORD
 MAXIMUM        17.32   2016
 MINIMUM         0.31   2007
TOTALS           6.02              4.55    1.47     1.86
DAILY AVG.       0.19              0.15    0.04     0.06
DAYS >= .01         8                MM      MM        6
DAYS >= .10         7                MM      MM        4
DAYS >= .50         4                MM      MM        2
DAYS >= 1.00        2                MM      MM        0
GREATEST
 24 HR. TOTAL    2.03   03/10 TO 03/10              0.56

SNOWFALL (INCHES)
TOTALS            0.0

DEGREE_DAYS
HEATING TOTAL     268               336     -68      237
 SINCE 7/1       2481              2645    -164     1770
COOLING TOTAL      21                17       4       45
 SINCE 1/1         43                22      21       74
.................................................................

WIND (MPH)
AVERAGE WIND SPEED              10.2
HIGHEST WIND SPEED/DIRECTION    29/160    DATE  03/27
HIGHEST GUST SPEED/DIRECTION    38/160    DATE  03/27

SKY COVER
POSSIBLE SUNSHINE (PERCENT)   MM
AVERAGE SKY COVER           0.40
NUMBER OF DAYS FAIR           14
NUMBER OF DAYS PC             13
NUMBER OF DAYS CLOUDY          4

AVERAGE RH (PERCENT)     66

WEATHER CONDITIONS. NUMBER OF DAYS WITH
THUNDERSTORM              7     MIXED PRECIP               0
HEAVY RAIN                6     RAIN                       8
LIGHT RAIN               12     FREEZING RAIN              0
LT FREEZING RAIN          0     HAIL                       0
HEAVY SNOW                0     SNOW                       0
LIGHT SNOW                0     SLEET                      0
FOG                       3     FOG W/VIS <= 1/4 MILE      1
HAZE                      1

-  INDICATES NEGATIVE NUMBERS.
R  INDICATES RECORD WAS SET OR TIED.
MM INDICATES DATA IS MISSING.
T  INDICATES TRACE AMOUNT.

$$
