557
CXUS54 KAMA 011543
CLMGUY


CLIMATE REPORT
NATIONAL WEATHER SERVICE AMARILLO TX
1042 AM CDT SUN APR 1 2018

...................................

...THE GUYMON CLIMATE SUMMARY FOR THE MONTH OF MARCH 2018...

CLIMATE NORMAL PERIOD 1981 TO 2010
CLIMATE RECORD PERIOD 1998 TO 2018

WEATHER         OBSERVED          NORMAL  DEPART  LAST YEAR`S
                 VALUE   DATE(S)  VALUE   FROM    VALUE  DATE(S)
                                          NORMAL
................................................................
TEMPERATURE (F)
HIGHEST            92   03/23                         94  03/19
LOWEST             17   03/07                         18  03/03
                                                          03/02
AVG. MAXIMUM     68.1              61.1     7.0     69.0
AVG. MINIMUM     33.0              31.5     1.5     34.7
MEAN             50.6              46.3     4.3     51.9
DAYS MAX >= 90      1               0.2     0.8        2
DAYS MAX <= 32      0               0.7    -0.7        0
DAYS MIN <= 32     17              16.2     0.8       11
DAYS MIN <= 0       0               0.0     0.0        0

PRECIPITATION (INCHES)
TOTALS           0.04              1.43   -1.39     1.95
DAILY AVG.       0.00              0.05   -0.05     0.06
DAYS >= .01         2                MM      MM        5
DAYS >= .10         0                MM      MM        3
DAYS >= .50         0                MM      MM        2
DAYS >= 1.00        0                MM      MM        1
GREATEST
 24 HR. TOTAL    0.03   03/13 TO 03/13

SNOWFALL (INCHES)
TOTALS            0.0                MM      MM      0.0
SINCE 7/1           T                MM      MM      0.8
DAYS >= TRACE       0                MM      MM
DAYS >= 1.0         0                MM      MM        0
GREATEST
 SNOW DEPTH         0   MM
 24 HR TOTAL      0.0   03/31 TO 03/31

DEGREE_DAYS
HEATING TOTAL     448               581    -133      414
 SINCE 7/1       3658              4048    -390     3317
COOLING TOTAL       7                 2       5       15
 SINCE 1/1          7                 2       5       23
.................................................................

WIND (MPH)
AVERAGE WIND SPEED              12.6
HIGHEST WIND SPEED/DIRECTION    39/230    DATE  03/23
HIGHEST GUST SPEED/DIRECTION    51/260    DATE  03/18

SKY COVER
POSSIBLE SUNSHINE (PERCENT)   MM
NUMBER OF DAYS FAIR           26
NUMBER OF DAYS PC              3
NUMBER OF DAYS CLOUDY          2

AVERAGE RH (PERCENT)     46

WEATHER CONDITIONS. NUMBER OF DAYS WITH
THUNDERSTORM              0     MIXED PRECIP               0
HEAVY RAIN                0     RAIN                       0
LIGHT RAIN                2     FREEZING RAIN              0
LT FREEZING RAIN          0     HEAVY SNOW                 0
SNOW                      0     LIGHT SNOW                 0
SLEET                     0     FOG                        2
FOG W/VIS <= 1/4 MILE     0     HAZE                       3

-  INDICATES NEGATIVE NUMBERS.
R  INDICATES RECORD WAS SET OR TIED.
MM INDICATES DATA IS MISSING.
T  INDICATES TRACE AMOUNT.

$$
