000
CXUS53 KEAX 010814
CLMIRK

STLCLMWK2 000
TTAA00 KEAX 010809


CLIMATE REPORT
NATIONAL WEATHER SERVICE KANSAS CITY/PLEASANT HILL MO
308 AM CDT TUE MAY 1 2018

...................................

...THE KIRKSVILLE CLIMATE SUMMARY FOR THE MONTH OF APRIL 2018...

CLIMATE NORMAL PERIOD 1981 TO 2010
CLIMATE RECORD PERIOD 9999 TO 9999

WEATHER         OBSERVED          NORMAL  DEPART  LAST YEAR`S
                 VALUE   DATE(S)  VALUE   FROM    VALUE  DATE(S)
                                          NORMAL
................................................................
TEMPERATURE (F)
HIGHEST            84   04/30        82       2       84  04/19
LOWEST              5R  04/02        24     -19       29  04/07
AVG. MAXIMUM     57.4              62.8    -5.4     67.1
AVG. MINIMUM     32.6              40.8    -8.2     44.8
MEAN             45.0              51.8    -6.8     56.0
DAYS MAX >= 90      0               0.0     0.0        0
DAYS MAX <= 32      1               0.1     0.9        0
DAYS MIN <= 32     16               5.7    10.3        1
DAYS MIN <= 0       0               0.0     0.0        0

PRECIPITATION (INCHES)
TOTALS           0.65              3.84   -3.19     6.13
DAILY AVG.       0.02              0.13   -0.11     0.20
DAYS >= .01         5              10.8    -5.8       12
DAYS >= .10         2               7.1    -5.1        9
DAYS >= .50         0               2.6    -2.6        6
DAYS >= 1.00        0               1.0    -1.0        2
GREATEST
 24 HR. TOTAL    0.35   04/01 TO 04/01

DEGREE_DAYS
HEATING TOTAL     600               403     197      286
 SINCE 7/1       5711              5690      21     4457
COOLING TOTAL       8                 7       1       24
 SINCE 1/1          8                 7       1       24
.................................................................

WIND (MPH)
AVERAGE WIND SPEED              10.3
HIGHEST WIND SPEED/DIRECTION    30/300    DATE  04/03
HIGHEST GUST SPEED/DIRECTION    43/300    DATE  04/03

SKY COVER
POSSIBLE SUNSHINE (PERCENT)   MM
AVERAGE SKY COVER           0.40
NUMBER OF DAYS FAIR           16
NUMBER OF DAYS PC              7
NUMBER OF DAYS CLOUDY          7

AVERAGE RH (PERCENT)     64

-  INDICATES NEGATIVE NUMBERS.
R  INDICATES RECORD WAS SET OR TIED.
MM INDICATES DATA IS MISSING.
T  INDICATES TRACE AMOUNT.

$$
