000
CXUS51 KOKX 011526 RRA
CLMJFK

NYCCLMJFK 000
TTAA00 KOKX 011524


CLIMATE REPORT
NATIONAL WEATHER SERVICE NEW YORK NY
1124 AM EDT TUE MAY 1 2018

...................................

...THE KENNEDY NY CLIMATE SUMMARY FOR THE MONTH OF APRIL 2018...

CLIMATE NORMAL PERIOD 1981 TO 2010
CLIMATE RECORD PERIOD 1948 TO 2018

WEATHER         OBSERVED          NORMAL  DEPART  LAST YEAR`S
                 VALUE   DATE(S)  VALUE   FROM    VALUE  DATE(S)
                                          NORMAL
................................................................
TEMPERATURE (F)
RECORD
 HIGH              90   04/17/2002
                        04/12/1977
 LOW               20   04/07/1982
                        04/06/1982
HIGHEST            70   04/13        MM      MM       85  04/29
LOWEST             30   04/09        MM      MM       38  04/01
AVG. MAXIMUM     54.5              59.0    -4.5     62.7
AVG. MINIMUM     39.6              43.5    -3.9     47.5
MEAN             47.0              51.3    -4.3     55.1
DAYS MAX >= 90      0               0.0     0.0        0
DAYS MAX <= 32      0               0.0     0.0        0
DAYS MIN <= 32      5               0.9     4.1        0
DAYS MIN <= 0       0               0.0     0.0        0

PRECIPITATION (INCHES)
RECORD
 MAXIMUM         9.51   1983
 MINIMUM         1.12   1961
TOTALS           3.30              3.87   -0.57     4.06
DAILY AVG.       0.11              0.13   -0.02     0.14
DAYS >= .01        13              11.4     1.6       14
DAYS >= .10         9               6.6     2.4        7
DAYS >= .50         1               2.5    -1.5        3
DAYS >= 1.00        1               1.1    -0.1        1
GREATEST
 24 HR. TOTAL    1.53   04/16 TO 04/16           04/03 TO 04/04
                                                          04/01 TO 04/02EATHER         OBSERVED          NORMAL  DEPART  LAST YEAR`S
                                                          04/02 TO 04/03EATHER         OBSERVED          NORMAL  DEPART  LAST YEAR`S
 STORM TOTAL       MM                                 MM
 (MM/DD(HH))            MM                    04/04(00) TO 04/04(00)
                                                 04/02(00) TO 04/02(00)3EATHER         OBSERVED          NORMAL  DEPART  LAST YEAR`S
                                                 04/03(00) TO 04/03(00)3EATHER         OBSERVED          NORMAL  DEPART  LAST YEAR`S

SNOWFALL (INCHES)
RECORDS
 TOTAL             MM   5
 24 HR TOTAL       MM
TOTALS            3.7               0.8     2.9      0.0
 LIQUID EQUIV    0.37              0.10    0.27     0.00
SINCE 7/1        35.5              23.8    11.7
 LIQUID 7/1      3.55              2.40             3.09
DAYS >= TRACE       1               0.3     0.7        0
DAYS >= 1.0         1               0.2     0.8        0
GREATEST
 SNOW DEPTH         2   04/02                          0  MM
 24 HR TOTAL      3.7   04/02 TO 04/02           04/30 TO 04/30
                                                          04/02 TO 04/02EATHER         OBSERVED          NORMAL  DEPART  LAST YEAR`S
                                                          04/03 TO 04/03EATHER         OBSERVED          NORMAL  DEPART  LAST YEAR`S
 STORM TOTAL       MM                                 MM
 (MM/DD(HH))            MM                    04/30(00) TO 04/30(00)
                                                 04/02(00) TO 04/02(00)3EATHER         OBSERVED          NORMAL  DEPART  LAST YEAR`S
                                                 04/03(00) TO 04/03(00)3EATHER         OBSERVED          NORMAL  DEPART  LAST YEAR`S

DEGREE_DAYS
HEATING TOTAL     533               415     118      300
 SINCE 7/1       4700              4651      49     4006
COOLING TOTAL       0                 3      -3       12
 SINCE 1/1          0                 3      -3       12
.................................................................

WIND (MPH)
AVERAGE WIND SPEED              13.5
HIGHEST WIND SPEED/DIRECTION    41/120    DATE  04/16
HIGHEST GUST SPEED/DIRECTION    52/270    DATE  04/04

SKY COVER
POSSIBLE SUNSHINE (PERCENT)   MM
AVERAGE SKY COVER           0.70
NUMBER OF DAYS FAIR            4
NUMBER OF DAYS PC             11
NUMBER OF DAYS CLOUDY         15

AVERAGE RH (PERCENT)     65

WEATHER CONDITIONS. NUMBER OF DAYS WITH
  0
  2
  0
  0
  1
  0
  3
HAZE                      3

-  INDICATES NEGATIVE NUMBERS.
R  INDICATES RECORD WAS SET OR TIED.
MM INDICATES DATA IS MISSING.
T  INDICATES TRACE AMOUNT.

$$
