000
CXUS56 KHNX 020011
CLMMAE


CLIMATE REPORT
NATIONAL WEATHER SERVICE SAN JOAQUIN VALLEY, CA
511 PM PDT SUN APR 1 2018

...................................

...THE MADERA CA AIRPORT CLIMATE SUMMARY FOR THE MONTH OF MARCH 2018...

CLIMATE NORMAL PERIOD 1981 TO 2010
CLIMATE RECORD PERIOD 1998 TO 2018

WEATHER         OBSERVED          NORMAL  DEPART  LAST YEAR`S
                 VALUE   DATE(S)  VALUE   FROM    VALUE  DATE(S)
                                          NORMAL
................................................................
TEMPERATURE (F)
RECORD
 HIGH              91   03/15/2015
 LOW               29   03/10/2009
HIGHEST            82   03/30        MM      MM       85  03/14
LOWEST             32   03/05        MM      MM       33  03/06
                                                          03/01
AVG. MAXIMUM     66.6              66.3     0.3     70.0
AVG. MINIMUM     43.5              42.1     1.4     44.3
MEAN             55.0              54.2     0.8     57.2
DAYS MAX >= 90      0               0.0     0.0        0
DAYS MIN <= 32      1               0.3     0.7        0

PRECIPITATION (INCHES)
RECORD
 MAXIMUM         4.26   MM
TOTALS           4.75R             1.80    2.95     0.61
DAYS >= .01         9                MM      MM        6
DAYS >= .10         8                MM      MM        3
DAYS >= .50         3                MM      MM        0
DAYS >= 1.00        1                MM      MM        0
GREATEST
 24 HR. TOTAL    1.21   03/21 TO 03/21

SNOWFALL (INCHES)
RECORDS
 TOTAL             MM   MM
TOTALS            0.0                MM

DEGREE_DAYS
HEATING TOTAL     305               336     -31      242
 SINCE 7/1       2002              2418    -416     1921
COOLING TOTAL       2                 1       1        6
 SINCE 1/1          2                 1       1        6
.................................................................

WIND (MPH)
AVERAGE WIND SPEED              5.7
HIGHEST WIND SPEED/DIRECTION    31/120    DATE  03/20
HIGHEST GUST SPEED/DIRECTION    36/120    DATE  03/20

AVERAGE RH (PERCENT)     70

WEATHER CONDITIONS. NUMBER OF DAYS WITH
THUNDERSTORM              0     RAIN                       7
HAIL                      0     FOG                       22
FOG W/VIS <= 1/4 MILE     2     HAZE                       4

-  INDICATES NEGATIVE NUMBERS.
R  INDICATES RECORD WAS SET OR TIED.
MM INDICATES DATA IS MISSING.
T  INDICATES TRACE AMOUNT.

$$
