545
CXUS53 KABR 011810
CLMMBG


CLIMATE REPORT
NATIONAL WEATHER SERVICE ABERDEEN SD
100 PM CDT SUN APR 1 2018

...................................

...THE MOBRIDGE SD CLIMATE SUMMARY FOR THE MONTH OF MARCH 2018...

CLIMATE NORMAL PERIOD 1981 TO 2010
CLIMATE RECORD PERIOD 1911 TO 2018

WEATHER         OBSERVED          NORMAL  DEPART  LAST YEAR`S
                 VALUE   DATE(S)  VALUE   FROM    VALUE  DATE(S)
                                          NORMAL
................................................................
TEMPERATURE (F)
RECORD
 HIGH              84   03/27/1946
                        03/23/1939
 LOW              -22   03/10/1948
                        03/03/1916
HIGHEST            58   03/27        MM      MM       69  03/19
LOWEST              1   03/08        MM      MM       -7  03/13
AVG. MAXIMUM     37.1              42.6    -5.5     45.7
AVG. MINIMUM     21.3              21.1     0.2     23.4
MEAN             29.2              31.9    -2.7     34.6
DAYS MAX >= 90      0               0.0     0.0        0
DAYS MAX <= 32      6               6.5    -0.5        7
DAYS MIN <= 32     27              27.4    -0.4       23
DAYS MIN <= 0       0               1.9    -1.9        2

PRECIPITATION (INCHES)
RECORD
 MAXIMUM         3.98   1966
 MINIMUM            T   1927
TOTALS           0.94              0.90    0.04     0.62
DAYS >= .01         9                MM      MM        8
DAYS >= .10         4                MM      MM        2
DAYS >= .50         0                MM      MM        0
DAYS >= 1.00        0                MM      MM        0

SNOWFALL (INCHES)
RECORDS
 TOTAL           36.3   5
 SNOW DEPTH        MM   MM
TOTALS           11.9                MM      MM      8.3
SINCE 7/1        39.6                MM      MM     47.3
SNOWDEPTH AVG.      2                MM      MM        1
DAYS >= TRACE       9
DAYS >= 1.0         3
GREATEST
 SNOW DEPTH         8   03/08                          9  03/14
                        03/07                             03/13
                        03/06

DEGREE_DAYS
HEATING TOTAL    1103              1027      76      935
 SINCE 7/1       6973              7002     -29     6372
COOLING TOTAL       0                 0       0        0
 SINCE 1/1          0                 0       0        0

FREEZE DATES
RECORD
 EARLIEST     MM
 LATEST       MM
EARLIEST                        MM
LATEST                          MM
.................................................................

WIND (MPH)
AVERAGE WIND SPEED              11.0
RESULTANT WIND SPEED/DIRECTION   3/089
HIGHEST WIND SPEED/DIRECTION    41/130    DATE  03/23
HIGHEST GUST SPEED/DIRECTION    50/140    DATE  03/23

SKY COVER
POSSIBLE SUNSHINE (PERCENT)   MM
AVERAGE SKY COVER           0.60
NUMBER OF DAYS FAIR           12
NUMBER OF DAYS PC              4
NUMBER OF DAYS CLOUDY         15

AVERAGE RH (PERCENT)     78

WEATHER CONDITIONS. NUMBER OF DAYS WITH
  0
  1
  0
  0
  4
  0
  3
HAZE                      9

-  INDICATES NEGATIVE NUMBERS.
R  INDICATES RECORD WAS SET OR TIED.
MM INDICATES DATA IS MISSING.
T  INDICATES TRACE AMOUNT.

$$
