000
CXUS53 KEAX 030326
CLMMCI

CLIMATE REPORT
NATIONAL WEATHER SERVICE KANSAS CITY/PLEASANT HILL MO
1021 PM CDT MON APR 2 2018

...................................

...THE KANSAS CITY INTERNATIONAL MO CLIMATE SUMMARY FOR THE MONTH OF MARCH 2018...

CLIMATE NORMAL PERIOD 1981 TO 2010
CLIMATE RECORD PERIOD 1888 TO 2018

WEATHER         OBSERVED          NORMAL  DEPART  LAST YEAR`S
                 VALUE   DATE(S)  VALUE   FROM    VALUE  DATE(S)
                                          NORMAL
................................................................
TEMPERATURE (F)
RECORD
 HIGH              91   03/21/1907
 LOW              -10   03/04/1978
HIGHEST            76   03/15        78      -2       87  03/19
LOWEST             19   03/08        14       5       19  03/15
AVG. MAXIMUM     53.6              55.1    -1.5     58.0
AVG. MINIMUM     33.6              33.4     0.2     38.1
MEAN             43.6              44.2    -0.6     48.0
DAYS MAX >= 90      0               0.0     0.0        0
DAYS MAX <= 32      0               1.3    -1.3        0
DAYS MIN <= 32     13              14.6    -1.6       10
DAYS MIN <= 0       0               0.1    -0.1        0

PRECIPITATION (INCHES)
RECORD
 MAXIMUM         9.08   1973
 MINIMUM         0.08   1910
                        1936
TOTALS           1.65              2.37   -0.72     2.81
DAILY AVG.       0.05              0.08   -0.03     0.09
DAYS >= .01         6               9.5    -3.5        9
DAYS >= .10         3               5.3    -2.3        5
DAYS >= .50         1               1.7    -0.7        1
DAYS >= 1.00        0               0.3    -0.3        1
GREATEST
 24 HR. TOTAL    0.95   03/19 TO 03/19

SNOWFALL (INCHES)
RECORDS
 TOTAL           40.2   1912
                        0
                        0
TOTALS              T               2.0    -2.0      0.4
SINCE 7/1         5.8              18.2   -12.4      4.9
SNOWDEPTH AVG.      0                MM      MM        0
DAYS >= 1.0         0               0.6    -0.6        0
GREATEST
 SNOW DEPTH         0   MM                            -1  03/11
 24 HR TOTAL        T   03/06 TO 03/06

DEGREE_DAYS
HEATING TOTAL     655               646       9      525
 SINCE 7/1       4582              4691    -109     3779
COOLING TOTAL       0                 3      -3        6
 SINCE 1/1          0                 3      -3        6
.................................................................

WIND (MPH)
AVERAGE WIND SPEED              12.1
HIGHEST WIND SPEED/DIRECTION    32/120    DATE  03/16
HIGHEST GUST SPEED/DIRECTION    47/290    DATE  03/06

SKY COVER
POSSIBLE SUNSHINE (PERCENT)   MM
AVERAGE SKY COVER           0.60
NUMBER OF DAYS FAIR            5
NUMBER OF DAYS PC             10
NUMBER OF DAYS CLOUDY         16

AVERAGE RH (PERCENT)     63

WEATHER CONDITIONS. NUMBER OF DAYS WITH
  0
  3
  0
  0
  1
  0
  2
HAZE                      8

-  INDICATES NEGATIVE NUMBERS.
R  INDICATES RECORD WAS SET OR TIED.
MM INDICATES DATA IS MISSING.
T  INDICATES TRACE AMOUNT.

$$
