000
CXUS53 KGLD 031535
CLMMCK

CLIMATE REPORT
NATIONAL WEATHER SERVICE GOODLAND
928 AM MDT THU MAY 3 2018

...................................

...THE MCCOOK CLIMATE SUMMARY FOR THE MONTH OF APRIL 2018...

CLIMATE NORMAL PERIOD 1981 TO 2010
CLIMATE RECORD PERIOD 1896 TO 2018

WEATHER         OBSERVED          NORMAL  DEPART  LAST YEAR`S
                 VALUE   DATE(S)  VALUE   FROM    VALUE  DATE(S)
                                          NORMAL
................................................................
TEMPERATURE (F)
RECORD
 HIGH              98   04/23/1939
                        04/28/1910
 LOW                0   04/02/1936
HIGHEST            86   04/29        87      -1       89  04/14
LOWEST              3   04/07        21     -18       25  04/11
AVG. MAXIMUM     60.7              64.5    -3.8     66.0
AVG. MINIMUM     29.7              34.4    -4.7     39.3
MEAN             45.2              49.5    -4.3     52.7
DAYS MAX >= 90      0               0.5    -0.5        0
DAYS MAX <= 32      0               0.3    -0.3        0
DAYS MIN <= 32     15              11.6     3.4        6
DAYS MIN <= 0       0               0.0     0.0        0

PRECIPITATION (INCHES)
RECORD
 MAXIMUM         7.84   2007
 MINIMUM         0.13   1989
TOTALS           1.17              2.31   -1.14     2.78
DAILY AVG.       0.04              0.08   -0.04     0.09
DAYS >= .01         8               7.4     0.6        7
DAYS >= .10         3               4.6    -1.6        4
DAYS >= .50         1               1.4    -0.4        2
DAYS >= 1.00        0               0.6    -0.6        1
GREATEST
 24 HR. TOTAL    0.58   04/24 TO 04/24              1.53


.................................................................



-  INDICATES NEGATIVE NUMBERS.
R  INDICATES RECORD WAS SET OR TIED.
MM INDICATES DATA IS MISSING.
T  INDICATES TRACE AMOUNT.

$$
