000
CXUS54 KMEG 011416
CLMMEG


CLIMATE REPORT
NATIONAL WEATHER SERVICE MEMPHIS TN
914 AM CDT TUE MAY 1 2018

...................................

...THE MEMPHIS/GERMANTOWN WFO CLIMATE SUMMARY FOR THE MONTH OF APRIL 2018...

CLIMATE NORMAL PERIOD 1981 TO 2010
CLIMATE RECORD PERIOD 1988 TO 2018

WEATHER         OBSERVED          NORMAL  DEPART  LAST YEAR`S
                 VALUE   DATE(S)  VALUE   FROM    VALUE  DATE(S)
                                          NORMAL
................................................................
TEMPERATURE (F)
RECORD
 HIGH              94   04/18/2006
 LOW               26   04/08/2007
                        04/12/1989
                        04/07/2007
HIGHEST            82   04/30        MM      MM       89  04/29
                        04/12                             04/14
LOWEST             28   04/08        MM      MM       40  04/07
AVG. MAXIMUM     66.9              72.1    -5.2     77.6
AVG. MINIMUM     43.7              48.8    -5.1     55.4
MEAN             55.3              60.5    -5.2     66.5
DAYS MAX >= 90      0               0.1    -0.1        0
DAYS MAX <= 32      0               0.0     0.0        0
DAYS MIN <= 32      2               1.0     1.0        0
DAYS MIN <= 0       0               0.0     0.0        0

PRECIPITATION (INCHES)
RECORD
 MAXIMUM           MM   MM
 MINIMUM           MM   MM
TOTALS           8.85              5.32    3.53     5.56
DAILY AVG.       0.30              0.18    0.12     0.19
DAYS >= .01         9               9.6    -0.6       12
DAYS >= .10         6               6.6    -0.6        8
DAYS >= .50         5               3.9     1.1        4
DAYS >= 1.00        3               1.9     1.1        2
GREATEST
 24 HR. TOTAL    3.02   04/14 TO 04/14

SNOWFALL (INCHES)
RECORDS
 TOTAL             MM   5
TOTALS            0.0               0.0     0.0      0.0
SINCE 7/1         3.8               2.4     1.4      1.4
SNOWDEPTH AVG.      0                MM      MM        0
DAYS >= 1.0         0               0.0     0.0        0
GREATEST
 SNOW DEPTH         0   MM                             0  MM
 24 HR TOTAL      0.0   04/30 TO 04/30

DEGREE_DAYS
HEATING TOTAL     297               191     106       62
 SINCE 7/1       3213              3373    -160     2210
COOLING TOTAL      14                54     -40      113
 SINCE 1/1         29                66     -37      160
.................................................................



-  INDICATES NEGATIVE NUMBERS.
R  INDICATES RECORD WAS SET OR TIED.
MM INDICATES DATA IS MISSING.
T  INDICATES TRACE AMOUNT.

$$
