000
CXUS53 KMKX 011339
CLMMSN


CLIMATE REPORT
NATIONAL WEATHER SERVICE IN MILWAUKEE
828 AM CDT SUN APR 1 2018

...................................

...THE MADISON WI CLIMATE SUMMARY FOR THE MONTH OF MARCH 2018...

CLIMATE NORMAL PERIOD 1981 TO 2010
CLIMATE RECORD PERIOD 1871 TO 2018

WEATHER         OBSERVED          NORMAL  DEPART  LAST YEAR`S
                 VALUE   DATE(S)  VALUE   FROM    VALUE  DATE(S)
                                          NORMAL
................................................................
TEMPERATURE (F)
RECORD
 HIGH              83   03/21/2012
 LOW              -29   03/01/1962
HIGHEST            56   03/18        63      -7       63  03/06
LOWEST             14   03/10         3      11        5  03/14
                        03/08
AVG. MAXIMUM     43.0              43.1    -0.1     42.5
AVG. MINIMUM     22.5              24.8    -2.3     25.9
MEAN             32.7              34.0    -1.3     34.2
DAYS MAX >= 90      0               0.0     0.0        0
DAYS MAX <= 32      2               4.9    -2.9        8
DAYS MIN <= 32     30              24.0     6.0       22
DAYS MIN <= 0       0               0.4    -0.4        0

PRECIPITATION (INCHES)
RECORD
 MAXIMUM         6.19   2009
 MINIMUM         0.14   1910
TOTALS           0.74              2.20   -1.46     2.83
DAILY AVG.       0.02              0.07   -0.05     0.09
DAYS >= .01         5              10.5    -5.5       13
DAYS >= .10         4               5.0    -1.0       10
DAYS >= .50         0               1.3    -1.3        2
DAYS >= 1.00        0               0.3    -0.3        0
GREATEST
 24 HR. TOTAL    0.23   03/27 TO 03/27              0.72

SNOWFALL (INCHES)
RECORDS
 TOTAL           28.4   1923
TOTALS            3.4               7.0    -3.6      8.3
SINCE 7/1        30.9              48.1   -17.2     44.0
SNOWDEPTH AVG.      0                 3      -3        1
DAYS >= 1.0         1               2.0    -1.0        3
GREATEST
 SNOW DEPTH         2   03/06                          3  03/15
                                                          03/14
                                                          03/02
 24 HR TOTAL      2.9   03/05 TO 03/05               3.7

DEGREE_DAYS
HEATING TOTAL     993               963      30      949
 SINCE 7/1       6268              6449    -181     5461
COOLING TOTAL       0                 0       0        0
 SINCE 1/1          0                 0       0        0
.................................................................

WIND (MPH)
AVERAGE WIND SPEED              8.3
HIGHEST WIND SPEED/DIRECTION    31/100    DATE  03/05
HIGHEST GUST SPEED/DIRECTION    45/090    DATE  03/05

SKY COVER
POSSIBLE SUNSHINE (PERCENT)   MM
AVERAGE SKY COVER           0.50
NUMBER OF DAYS FAIR            6
NUMBER OF DAYS PC             22
NUMBER OF DAYS CLOUDY          3

AVERAGE RH (PERCENT)     62



-  INDICATES NEGATIVE NUMBERS.
R  INDICATES RECORD WAS SET OR TIED.
MM INDICATES DATA IS MISSING.
T  INDICATES TRACE AMOUNT.

$$
