000
CXUS55 KMSO 021346
CLMMSO


CLIMATE REPORT
NATIONAL WEATHER SERVICE MISSOULA, MT
746 AM MDT MON APR 2 2018

...................................

...THE MISSOULA MT CLIMATE SUMMARY FOR THE MONTH OF MARCH 2018...

CLIMATE NORMAL PERIOD 1981 TO 2010
CLIMATE RECORD PERIOD 1893 TO 2018

WEATHER         OBSERVED          NORMAL  DEPART  LAST YEAR`S
                 VALUE   DATE(S)  VALUE   FROM    VALUE
                                          NORMAL
.............................................................
TEMPERATURE (F)
RECORD
 HIGH              78   03/30/2004
 LOW              -13   03/05/1955
HIGHEST            61   03/13        MM      MM       58
LOWEST             13   03/03        MM      MM       13
AVG. MAXIMUM     47.3              49.8    -2.5     49.2
AVG. MINIMUM     26.5              27.7    -1.2     31.4
MEAN             36.9              38.8    -1.9     40.3
DAYS MAX >= 90      0               0.0     0.0        0
DAYS MAX <= 32      0               0.9    -0.9        0
DAYS MIN <= 32     27              23.0     4.0       17
DAYS MIN <= 0       0               0.1    -0.1        0

PRECIPITATION (INCHES)
RECORD
 MAXIMUM         2.31   1901
 MINIMUM         0.11   1911
TOTALS           0.76              1.00   -0.24     2.02
DAILY AVG.       0.02              0.03   -0.01     0.07
DAYS >= .01         9              11.4    -2.4       20
DAYS >= .10         2               3.4    -1.4        7
DAYS >= .50         0               0.1    -0.1        0
DAYS >= 1.00        0               0.0     0.0        0
GREATEST
 24 HR. TOTAL    0.30   03/18 TO 03/18              0.40

SNOWFALL (INCHES)
TOTALS            1.2               5.1    -3.9      9.5
SINCE 7/1        51.6              36.5    15.1     63.7
DAYS >= TRACE       9               5.1     3.9        7
DAYS >= 1.0         0               1.8    -1.8        5
GREATEST
 SNOW DEPTH         5   03/01                          4
 24 HR TOTAL      0.6   03/18 TO 03/18               3.4

DEGREE_DAYS
HEATING TOTAL     864               814      50
 SINCE 7/1       6261              6183      78
COOLING TOTAL       0                 0       0
 SINCE 1/1          0                 0       0
..............................................................

WIND (MPH)
AVERAGE WIND SPEED              5.8
HIGHEST WIND SPEED/DIRECTION    35/220    DATE  03/02
HIGHEST GUST SPEED/DIRECTION    43/210    DATE  03/02

SKY COVER
POSSIBLE SUNSHINE (PERCENT)   MM
AVERAGE SKY COVER           0.60
NUMBER OF DAYS FAIR           10
NUMBER OF DAYS PC             11
NUMBER OF DAYS CLOUDY         10

AVERAGE RH (PERCENT)     63

WEATHER CONDITIONS. NUMBER OF DAYS WITH
  0
  1
  0
  0
  1
  1
  2
HAZE                      5

-  INDICATES NEGATIVE NUMBERS.
R  INDICATES RECORD WAS SET OR TIED.
MM INDICATES DATA IS MISSING.
T  INDICATES TRACE AMOUNT.

$$
