270
CXUS56 KSGX 011725
CLMOKB


CLIMATE REPORT
NATIONAL WEATHER SERVICE SAN DIEGO, CA
1025 AM PDT SUN APR 1 2018

...................................

...THE OCEANSIDE AIRPORT CA CLIMATE SUMMARY FOR THE MONTH OF MARCH 2018...

CLIMATE NORMAL PERIOD 1981 TO 2010
CLIMATE RECORD PERIOD 1999 TO 2018

WEATHER         OBSERVED          NORMAL  DEPART  LAST YEAR`S
                 VALUE   DATE(S)  VALUE   FROM    VALUE  DATE(S)
                                          NORMAL
................................................................
TEMPERATURE (F)
RECORD
 HIGH              92   03/15/2015
                        03/14/2015
                        03/13/2015
 LOW               31   03/08/2012
HIGHEST            74   03/21        MM      MM       78  03/09
LOWEST             36   03/05        MM      MM       38  03/06
AVG. MAXIMUM     65.6              65.2     0.4     69.4
AVG. MINIMUM     45.8              46.1    -0.3     46.4
MEAN             55.7              55.7     0.0     57.9
DAYS MAX >= 90      0               0.0     0.0        0
DAYS MAX <= 32      0               0.0     0.0        0
DAYS MIN <= 32      0               0.0     0.0        0

PRECIPITATION (INCHES)
RECORD
 MAXIMUM         1.94   2011
 MINIMUM           MM   MM
TOTALS           1.66              2.21   -0.55     0.06
DAILY AVG.       0.05              0.07   -0.02     0.00
DAYS >= .01         9                MM      MM        2
DAYS >= .10         6                MM      MM        0
DAYS >= .50         0                MM      MM        0
DAYS >= 1.00        0                MM      MM        0
GREATEST
 24 HR. TOTAL    0.45   03/10 TO 03/10           03/05 TO 03/05
                                                          03/31 TO 03/31EATHER         OBSERVED          NORMAL  DEPART  LAST YEAR`S
                                                          03/31 TO 03/31EATHER         OBSERVED          NORMAL  DEPART  LAST YEAR`S
 STORM TOTAL       MM                                 MM
 (MM/DD(HH))            MM                    03/05(00) TO 03/05(00)
                                                 03/31(00) TO 03/31(00)1EATHER         OBSERVED          NORMAL  DEPART  LAST YEAR`S
                                                 03/31(00) TO 03/31(00)1EATHER         OBSERVED          NORMAL  DEPART  LAST YEAR`S

DEGREE_DAYS
HEATING TOTAL     280               290     -10      213
 SINCE 7/1       1246              1698    -452     1228
COOLING TOTAL       0                 1      -1        0
 SINCE 1/1          3                 1       2        0

FREEZE DATES
RECORD
 EARLIEST     MM
 LATEST       MM
EARLIEST                        MM
LATEST                          MM
.................................................................

WIND (MPH)
AVERAGE WIND SPEED              4.8
RESULTANT WIND SPEED/DIRECTION   3/261
HIGHEST WIND SPEED/DIRECTION    22/240    DATE  03/15
HIGHEST GUST SPEED/DIRECTION    28/250    DATE  03/15

SKY COVER
POSSIBLE SUNSHINE (PERCENT)   MM
AVERAGE SKY COVER           0.40
NUMBER OF DAYS FAIR           17
NUMBER OF DAYS PC              9
NUMBER OF DAYS CLOUDY          5

AVERAGE RH (PERCENT)     73

WEATHER CONDITIONS. NUMBER OF DAYS WITH
  0
  7
  0
  0
  0
  0
  3
HAZE                      5

-  INDICATES NEGATIVE NUMBERS.
R  INDICATES RECORD WAS SET OR TIED.
MM INDICATES DATA IS MISSING.
T  INDICATES TRACE AMOUNT.

$$
