000
CXUS56 KSGX 011725
CLMRNM


CLIMATE REPORT
NATIONAL WEATHER SERVICE SAN DIEGO, CA
1025 AM PDT SUN APR 1 2018

...................................

...THE RAMONA AIRPORT CA CLIMATE SUMMARY FOR THE MONTH OF MARCH 2018...

CLIMATE NORMAL PERIOD 1981 TO 2010
CLIMATE RECORD PERIOD 1974 TO 2018

WEATHER         OBSERVED          NORMAL  DEPART  LAST YEAR`S
                 VALUE   DATE(S)  VALUE   FROM    VALUE  DATE(S)
                                          NORMAL
................................................................
TEMPERATURE (F)
RECORD
 HIGH              94   03/26/1988
 LOW               24   03/15/1977
                        03/02/1977
                        03/01/1977
HIGHEST            84   03/30        68      16       87  03/14
LOWEST             29   03/01        41     -12       33  03/07
                                                          03/01
AVG. MAXIMUM     68.5              66.4     2.1     73.8
AVG. MINIMUM     40.2              39.4     0.8     41.2
MEAN             54.3              52.9     1.4     57.5
DAYS MAX >= 90      0               0.0     0.0        0
DAYS MAX <= 32      0               0.0     0.0        0
DAYS MIN <= 32      4               3.5     0.5        0
DAYS MIN <= 0       0               0.0     0.0        0

PRECIPITATION (INCHES)
RECORD
 MAXIMUM        10.55   1991
 MINIMUM         0.00   1997
TOTALS           1.52              3.08   -1.56     0.09
DAILY AVG.       0.05              0.10   -0.05     0.00
DAYS >= .01        10                MM      MM        3
DAYS >= .10         4                MM      MM        0
DAYS >= .50         1                MM      MM        0
DAYS >= 1.00        0                MM      MM        0
GREATEST
 24 HR. TOTAL    0.60   03/10 TO 03/10           03/05 TO 03/05
                                                          03/31 TO 03/31EATHER         OBSERVED          NORMAL  DEPART  LAST YEAR`S
                                                          03/31 TO 03/31EATHER         OBSERVED          NORMAL  DEPART  LAST YEAR`S
 STORM TOTAL       MM                                 MM
 (MM/DD(HH))            MM                    03/05(00) TO 03/05(00)
                                                 03/31(00) TO 03/31(00)1EATHER         OBSERVED          NORMAL  DEPART  LAST YEAR`S
                                                 03/31(00) TO 03/31(00)1EATHER         OBSERVED          NORMAL  DEPART  LAST YEAR`S

DEGREE_DAYS
HEATING TOTAL     322               375     -53      227
 SINCE 7/1       1440              2116    -676     1662
COOLING TOTAL       0                 0       0        3
 SINCE 1/1         16                 1      15        3

FREEZE DATES
RECORD
 EARLIEST     10/10/1974
 LATEST       05/07/1975
EARLIEST                        11/24
LATEST                          03/25
.................................................................

WIND (MPH)
AVERAGE WIND SPEED              4.9
RESULTANT WIND SPEED/DIRECTION   3/279
HIGHEST WIND SPEED/DIRECTION    28/260    DATE  03/15
HIGHEST GUST SPEED/DIRECTION    36/250    DATE  03/15

SKY COVER
POSSIBLE SUNSHINE (PERCENT)   MM
AVERAGE SKY COVER           0.40
NUMBER OF DAYS FAIR           16
NUMBER OF DAYS PC              9
NUMBER OF DAYS CLOUDY          6

AVERAGE RH (PERCENT)     69

WEATHER CONDITIONS. NUMBER OF DAYS WITH
  0
  4
  0
  0
  0
  0
  6
HAZE                      0

-  INDICATES NEGATIVE NUMBERS.
R  INDICATES RECORD WAS SET OR TIED.
MM INDICATES DATA IS MISSING.
T  INDICATES TRACE AMOUNT.

$$
