497
CXUS54 KMEG 012246
CLMTUP


CLIMATE REPORT
NATIONAL WEATHER SERVICE MEMPHIS TN
543 PM CDT SUN APR 1 2018

...................................

...THE TUPELO CLIMATE SUMMARY FOR THE MONTH OF MARCH 2018...

CLIMATE NORMAL PERIOD 1981 TO 2010
CLIMATE RECORD PERIOD 1930 TO 2018

WEATHER         OBSERVED          NORMAL  DEPART  LAST YEAR`S
                 VALUE   DATE(S)  VALUE   FROM    VALUE  DATE(S)
                                          NORMAL
................................................................
TEMPERATURE (F)
RECORD
 HIGH              89   03/15/2016
 LOW                7   03/03/1980
HIGHEST            79   03/19        64      15       87  03/21
                        03/17
LOWEST             29   03/09        43     -14       27  03/15
AVG. MAXIMUM     64.8              65.5    -0.7     67.6
AVG. MINIMUM     43.0              42.5     0.5     45.2
MEAN             53.9              54.0    -0.1     56.4
DAYS MAX >= 90      0               0.0     0.0        0
DAYS MAX <= 32      0               0.0     0.0        0
DAYS MIN <= 32      5               4.0     1.0        5
DAYS MIN <= 0       0               0.0     0.0        0

PRECIPITATION (INCHES)
RECORD
 MAXIMUM        17.20   1980
 MINIMUM         1.80   1966
TOTALS           3.89              4.82   -0.93     4.11
DAILY AVG.       0.13              0.16   -0.03     0.13
DAYS >= .01        11              10.1     0.9       13
DAYS >= .10         8               6.9     1.1       11
DAYS >= .50         2               3.3    -1.3        2
DAYS >= 1.00        1               1.5    -0.5        1
GREATEST
 24 HR. TOTAL    1.92   03/28 TO 03/28

SNOWFALL (INCHES)
RECORDS
 TOTAL            6.0   1968
TOTALS            0.0               0.3    -0.3        T
SINCE 7/1         0.8               2.1    -1.3        T
SNOWDEPTH AVG.      0                MM      MM        0
DAYS >= 1.0         0               0.1    -0.1        0
GREATEST
 SNOW DEPTH         0   MM                             0  MM
 24 HR TOTAL      0.0   03/31 TO 03/31

DEGREE_DAYS
HEATING TOTAL     345               355     -10      290
 SINCE 7/1       2669              2786    -117     1908
COOLING TOTAL      10                14      -4       34
 SINCE 1/1         30                16      14       46
.................................................................

WIND (MPH)
AVERAGE WIND SPEED              7.4
HIGHEST WIND SPEED/DIRECTION    28/150    DATE  03/27
HIGHEST GUST SPEED/DIRECTION    35/210    DATE  03/19

SKY COVER
POSSIBLE SUNSHINE (PERCENT)   MM
AVERAGE SKY COVER           0.40
NUMBER OF DAYS FAIR           13
NUMBER OF DAYS PC             12
NUMBER OF DAYS CLOUDY          6

AVERAGE RH (PERCENT)     64

WEATHER CONDITIONS. NUMBER OF DAYS WITH
  0
  6
  0
  0
  0
  0
  0
HAZE                      1

-  INDICATES NEGATIVE NUMBERS.
R  INDICATES RECORD WAS SET OR TIED.
MM INDICATES DATA IS MISSING.
T  INDICATES TRACE AMOUNT.

$$
