343
CXUS56 KPQR 011552
CLMUAO


CLIMATE REPORT
NATIONAL WEATHER SERVICE PORTLAND OREGON
852 AM PDT SUN APR 1 2018

...................................

...THE AURORA STATE OR CLIMATE SUMMARY FOR THE MONTH OF MARCH 2018...

CLIMATE NORMAL PERIOD 1981 TO 2010
CLIMATE RECORD PERIOD 9999 TO 9999

WEATHER         OBSERVED          NORMAL  DEPART  LAST YEAR`S
                 VALUE   DATE(S)  VALUE   FROM    VALUE  DATE(S)
                                          NORMAL
................................................................
TEMPERATURE (F)
HIGHEST            74                                 65  03/12
LOWEST             31                                 33  03/06
AVG. MAXIMUM     56.1              56.5    -0.4     54.7
AVG. MINIMUM     37.7              39.1    -1.4     41.5
MEAN             46.9              47.8    -0.9     48.1
DAYS MAX >= 90      0               0.0     0.0        0
DAYS MAX <= 32      0               0.0     0.0        0
DAYS MIN <= 32      2               2.6    -0.6        0
DAYS MIN <= 0       0               0.0     0.0        0

PRECIPITATION (INCHES)
RECORD
 MAXIMUM           MM   MM
 MINIMUM           MM   MM
TOTALS           2.97              4.23   -1.26     8.06
DAYS >= .01        16                MM      MM       25
DAYS >= .10         8                MM      MM       20
DAYS >= .50         3                MM      MM        7
DAYS >= 1.00        0                MM      MM        0
GREATEST
 24 HR. TOTAL    0.58   03/23 TO 03/23

DEGREE_DAYS
HEATING TOTAL     536               533       3      518
 SINCE 7/1       3380              3688    -308     3752
COOLING TOTAL       0                 0       0        0
 SINCE 1/1          0                 0       0        0
.................................................................

WIND (MPH)
AVERAGE WIND SPEED              4.8
RESULTANT WIND SPEED/DIRECTION   1/180
HIGHEST WIND SPEED/DIRECTION    29/190    DATE  03/08
HIGHEST GUST SPEED/DIRECTION    47/170    DATE  03/08

SKY COVER
POSSIBLE SUNSHINE (PERCENT)   MM
AVERAGE SKY COVER           0.60

AVERAGE RH (PERCENT)     72

WEATHER CONDITIONS. NUMBER OF DAYS WITH
THUNDERSTORM              0     MIXED PRECIP               0
HEAVY RAIN                1     RAIN                       7
LIGHT RAIN               19     FREEZING RAIN              0
LT FREEZING RAIN          0     HAIL                       0
HEAVY SNOW                0     SNOW                       0
LIGHT SNOW                0     SLEET                      0
FOG                      16     FOG W/VIS <= 1/4 MILE      1
HAZE                      1

-  INDICATES NEGATIVE NUMBERS.
R  INDICATES RECORD WAS SET OR TIED.
MM INDICATES DATA IS MISSING.
T  INDICATES TRACE AMOUNT.

$$
