000
CXUS56 KPQR 041445 CCA
CLMVUO

CLIMATE REPORT
NATIONAL WEATHER SERVICE PORTLAND OREGON
740 AM PDT WED APR 4 2018

CORRECTED TOTAL NUMBER OF DAYS ON WHICH THUNDERSTORM OCCURRED.

...THE VANCOUVER WA CLIMATE SUMMARY FOR THE MONTH OF MARCH 2018...

CLIMATE NORMAL PERIOD 1981 TO 2010
CLIMATE RECORD PERIOD 1891 TO 2018

WEATHER         OBSERVED          NORMAL  DEPART  LAST YEAR`S
                 VALUE   DATE(S)  VALUE   FROM    VALUE  DATE(S)
                                          NORMAL
................................................................
TEMPERATURE (F)
RECORD
 HIGH              83   03/28/1930
 LOW               18   03/15/1906
HIGHEST            70                MM      MM       62  03/12
LOWEST             28                MM      MM       30  03/19
AVG. MAXIMUM     55.4              56.9    -1.5     54.5
AVG. MINIMUM     37.0              39.1    -2.1     41.1
MEAN             46.2              48.0    -1.8     47.8
DAYS MAX >= 90      0               0.0     0.0        0
DAYS MAX <= 32      0               0.0     0.0        0
DAYS MIN <= 32      7               3.9     3.1        1
DAYS MIN <= 0       0               0.0     0.0        0

PRECIPITATION (INCHES)
TOTALS           2.93                               7.05
DAYS >= .01        16                                 26
DAYS >= .10         8                                 18
DAYS >= .50         1                                  6
DAYS >= 1.00        0                                  0
GREATEST
 24 HR. TOTAL    0.54   03/23 TO 03/23

DEGREE_DAYS
HEATING TOTAL     577                                523
 SINCE 7/1       3610                               3823
COOLING TOTAL       0                                  0
 SINCE 1/1          0                                  0
.................................................................

WIND (MPH)
AVERAGE WIND SPEED              3.8
RESULTANT WIND SPEED/DIRECTION   1/150
HIGHEST WIND SPEED/DIRECTION    21/280    DATE  03/22
HIGHEST GUST SPEED/DIRECTION    33/170    DATE  03/08

SKY COVER
POSSIBLE SUNSHINE (PERCENT)   MM
AVERAGE SKY COVER           0.60

AVERAGE RH (PERCENT)     74

WEATHER CONDITIONS. NUMBER OF DAYS WITH
THUNDERSTORM              2     MIXED PRECIP               0
HEAVY RAIN                1     RAIN                       4
LIGHT RAIN               16     FREEZING RAIN              0
LT FREEZING RAIN          0     HAIL                       0
HEAVY SNOW                0     SNOW                       0
LIGHT SNOW                0     SLEET                      0
FOG                      15     FOG W/VIS <= 1/4 MILE      1
HAZE                      0

-  INDICATES NEGATIVE NUMBERS.
R  INDICATES RECORD WAS SET OR TIED.
MM INDICATES DATA IS MISSING.
T  INDICATES TRACE AMOUNT.

$$
