000
CXUS51 KBGM 012052 CCA
CLSAVP
CLIMATE REPORT...CORRECTED
NATIONAL WEATHER SERVICE BINGHAMTON,NY
352 PM EST FRI MAR 01 2024
...................................
...THE AVOCA PA CLIMATE SUMMARY FOR THE SEASON, FROM
12/1/2023 TO 2/29/2024...
CLIMATE NORMAL PERIOD 1991 TO 2020
CLIMATE RECORD PERIOD 1901 TO 2024
WEATHER OBSERVED NORMAL DEPART LAST YEAR`S
VALUE DATE(S) VALUE FROM VALUE DATE(S)
NORMAL
................................................................
TEMPERATURE (F)
RECORD
HIGH 76 02/21/2018
02/24/2017
02/24/2017
LOW -99 02/21/2022
HIGHEST 66 02/27 34 32 67 02/15
LOWEST 7 01/22 20 -13 -1 02/04
AVG. MAXIMUM 42.4 38.2 4.2 43.4
AVG. MINIMUM 28.6 22.8 5.8 27.3
MEAN 35.5 30.5 5.0 35.3
DAYS MAX >= 90 0 0.0 0.0 0
DAYS MAX <= 32 9 30.7 -21.7 12
DAYS MIN <= 32 59 74.5 -15.5 63
DAYS MIN <= 0 0 2.4 -2.4 1
PRECIPITATION (INCHES)
RECORD
MAXIMUM 12.47 2008
MINIMUM 2.78 1979
TOTALS 13.01R 7.46 5.55 7.60
DAILY AVG. 0.14 NAN NAN 0.08
DAYS >= .01 39 36.1 2.9 33
DAYS >= .10 26 18.0 8.0 18
DAYS >= .50 7 4.2 2.8 5
DAYS >= 1.00 3 1.0 2.0 0
GREATEST
24 HR. TOTAL 2.84 12/17 TO 12/18 1.20 12/15 TO 12/16
SNOWFALL (INCHES)
RECORDS
TOTAL 64.5 1993
24 HR TOTAL 18.3 01/13/1964 TO 01/13/1964
TOTALS 20.1 30.3 -10.2 14.1
SINCE 7/1 20.3 34.2 -13.9 15.3
DAYS >= TRACE 32 23.4 6.6 35
DAYS >= 1.0 8 9.9 -1.9 8
GREATEST
24 HR TOTAL 5.5 01/06 TO 01/07 2.0 12/15 TO 12/15
12/16 TO 12/16
02/27 TO 02/27
DEGREE DAYS
HEATING TOTAL 2659 3100 -441 2556
SINCE 7/1 3760 4313 -553 3490
COOLING TOTAL 0 0 0 0
SINCE 1/1 0 0 0 0
FREEZE DATES
RECORD
EARLIEST 09/21/1956
LATEST 05/25/1956
EARLIEST 11/01
LATEST 05/18
................................................................
WIND (MPH)
AVERAGE WIND SPEED 6.0
RESULTANT WIND SPEED/DIRECTION 2/290
HIGHEST WIND SPEED/DIRECTION 33/270 DATE 01/14
HIGHEST GUST SPEED/DIRECTION 57/130 DATE 01/13
SKY COVER
POSSIBLE SUNSHINE (PERCENT) MM
AVERAGE SKY COVER 0.61
NUMBER OF DAYS FAIR 22
NUMBER OF DAYS PC 30
NUMBER OF DAYS CLOUDY 39
AVERAGE RH (PERCENT) 68
WEATHER CONDITIONS. NUMBER OF DAYS WITH
THUNDERSTORM 1 MIXED PRECIP 0
HEAVY RAIN 8 RAIN 21
LIGHT RAIN 32 FREEZING RAIN 0
LT FREEZING RAIN 1 HAIL 0
HEAVY SNOW 3 SNOW 7
LIGHT SNOW 32 SLEET 0
FOG 50 FOG W/VIS <= 1/4 MILE 6
HAZE 34
- INDICATES NEGATIVE NUMBERS.
R INDICATES RECORD WAS SET OR TIED.
MM INDICATES DATA IS MISSING.
T INDICATES TRACE AMOUNT.
&&
REPLACED MISSING 2023 DATA WITH ACTUAL
CORRECTED NUMBER OF DAYS WITH SNOW AND LIGHT SNOW
2ND WARMEST DECEMBER TO FEBRUARY RECORD 36.1F IN 1931-1932
MOST PRECIPITATION DECEMBER TO FEBRUARY
$$
TAC